CRAN Package Check Results for Package magick

Last updated on 2019-11-19 12:48:28 CET.

Flavor Version Tinstall Tcheck Ttotal Status Flags
r-devel-linux-x86_64-debian-clang 2.2 139.35 140.54 279.89 WARN
r-devel-linux-x86_64-debian-gcc 2.2 95.85 108.86 204.71 WARN
r-devel-linux-x86_64-fedora-clang 2.2 444.43 WARN
r-devel-linux-x86_64-fedora-gcc 2.2 401.68 WARN
r-devel-windows-ix86+x86_64 2.2 465.00 332.00 797.00 NOTE
r-devel-windows-ix86+x86_64-gcc8 2.2 393.00 269.00 662.00 NOTE
r-patched-linux-x86_64 2.2 107.56 129.68 237.24 OK
r-patched-solaris-x86 2.2 262.20 WARN
r-release-linux-x86_64 2.2 105.82 128.75 234.57 OK
r-release-windows-ix86+x86_64 2.2 312.00 282.00 594.00 NOTE
r-release-osx-x86_64 2.2 NOTE
r-oldrel-windows-ix86+x86_64 2.2 438.00 302.00 740.00 NOTE
r-oldrel-osx-x86_64 2.2 NOTE

Additional issues

clang-UBSAN

Check Details

Version: 2.2
Check: whether package can be installed
Result: WARN
    Found the following significant warnings:
     'config' variable 'CXXCPP' is deprecated
Flavors: r-devel-linux-x86_64-debian-clang, r-devel-linux-x86_64-debian-gcc, r-devel-linux-x86_64-fedora-clang, r-devel-linux-x86_64-fedora-gcc

Version: 2.2
Check: installed package size
Result: NOTE
     installed size is 13.3Mb
     sub-directories of 1Mb or more:
     doc 6.7Mb
     libs 6.2Mb
Flavors: r-devel-linux-x86_64-fedora-clang, r-devel-windows-ix86+x86_64, r-devel-windows-ix86+x86_64-gcc8, r-patched-solaris-x86, r-release-windows-ix86+x86_64, r-release-osx-x86_64, r-oldrel-windows-ix86+x86_64, r-oldrel-osx-x86_64

Version: 2.2
Check: package dependencies
Result: NOTE
    Packages suggested but not available for checking:
     'av', 'rsvg', 'tesseract', 'gifski'
Flavor: r-patched-solaris-x86

Version: 2.2
Check: Rd cross-references
Result: NOTE
    Packages unavailable to check Rd xrefs: ‘rsvg’, ‘tesseract’, ‘gifski’, ‘av’
Flavor: r-patched-solaris-x86

Version: 2.2
Check: re-building of vignette outputs
Result: WARN
    Error(s) in re-building vignettes:
     ...
    --- re-building ‘intro.Rmd’ using rmarkdown
    Warning in engine$weave(file, quiet = quiet, encoding = enc) :
     Pandoc (>= 1.12.3) and/or pandoc-citeproc not available. Falling back to R Markdown v1.
    Warning in library(package, lib.loc = lib.loc, character.only = TRUE, logical.return = TRUE, :
     there is no package called 'rsvg'
    Warning in library(package, lib.loc = lib.loc, character.only = TRUE, logical.return = TRUE, :
     there is no package called 'rsvg'
    Quitting from lines 227-236 (intro.Rmd)
    Error: processing vignette 'intro.Rmd' failed with diagnostics:
    Magick: non-conforming drawing primitive definition `text' @ error/draw.c/RenderMVGContent/4337
    --- failed re-building ‘intro.Rmd’
    
    SUMMARY: processing the following file failed:
     ‘intro.Rmd’
    
    Error: Vignette re-building failed.
    Execution halted
Flavor: r-patched-solaris-x86