Last updated on 2025-01-19 05:49:12 CET.
Flavor | Version | Tinstall | Tcheck | Ttotal | Status | Flags |
---|---|---|---|---|---|---|
r-devel-linux-x86_64-debian-clang | 2.8.5 | 74.97 | 141.20 | 216.17 | OK | |
r-devel-linux-x86_64-debian-gcc | 2.8.5 | 62.66 | 82.60 | 145.26 | OK | |
r-devel-linux-x86_64-fedora-clang | 2.8.5 | 427.62 | OK | |||
r-devel-linux-x86_64-fedora-gcc | 2.8.5 | 391.45 | OK | |||
r-devel-windows-x86_64 | 2.8.5 | 118.00 | 443.00 | 561.00 | OK | |
r-patched-linux-x86_64 | 2.8.5 | 80.16 | 119.51 | 199.67 | OK | |
r-release-linux-x86_64 | 2.8.5 | 81.09 | 125.34 | 206.43 | OK | |
r-release-macos-arm64 | 2.8.5 | 113.00 | NOTE | |||
r-release-macos-x86_64 | 2.8.5 | 200.00 | NOTE | |||
r-release-windows-x86_64 | 2.8.5 | 120.00 | 487.00 | 607.00 | NOTE | |
r-oldrel-macos-arm64 | 2.8.5 | 110.00 | NOTE | |||
r-oldrel-macos-x86_64 | 2.8.5 | 155.00 | NOTE | |||
r-oldrel-windows-x86_64 | 2.8.5 | 141.00 | 543.00 | 684.00 | NOTE |
Version: 2.8.5
Check: installed package size
Result: NOTE
installed size is 55.9Mb
sub-directories of 1Mb or more:
doc 6.3Mb
libs 48.9Mb
Flavors: r-release-macos-arm64, r-release-macos-x86_64, r-release-windows-x86_64, r-oldrel-macos-arm64, r-oldrel-macos-x86_64, r-oldrel-windows-x86_64