CRAN Package Check Results for Package malan

Last updated on 2025-01-19 05:49:12 CET.

Flavor Version Tinstall Tcheck Ttotal Status Flags
r-devel-linux-x86_64-debian-clang 1.0.3 199.30 92.76 292.06 NOTE
r-devel-linux-x86_64-debian-gcc 1.0.3 139.53 64.19 203.72 NOTE
r-devel-linux-x86_64-fedora-clang 1.0.3 595.84 OK
r-devel-linux-x86_64-fedora-gcc 1.0.3 626.62 OK
r-devel-windows-x86_64 1.0.3 221.00 141.00 362.00 NOTE
r-patched-linux-x86_64 1.0.3 214.10 85.59 299.69 OK
r-release-linux-x86_64 1.0.3 204.54 86.59 291.13 OK
r-release-macos-arm64 1.0.3 121.00 NOTE
r-release-macos-x86_64 1.0.3 128.00 NOTE
r-release-windows-x86_64 1.0.3 210.00 146.00 356.00 OK
r-oldrel-macos-arm64 1.0.3 136.00 NOTE
r-oldrel-macos-x86_64 1.0.3 189.00 NOTE
r-oldrel-windows-x86_64 1.0.3 267.00 189.00 456.00 OK

Check Details

Version: 1.0.3
Check: Rd cross-references
Result: NOTE Found the following Rd file(s) with Rd \link{} targets missing package anchors: as_tbl_graph.malan_pedigreelist.Rd: tbl_graph get_nodes_edges.Rd: as_tbl_graph Please provide package anchors for all Rd \link{} targets not in the package itself and the base packages. Flavors: r-devel-linux-x86_64-debian-clang, r-devel-linux-x86_64-debian-gcc, r-devel-windows-x86_64

Version: 1.0.3
Check: installed package size
Result: NOTE installed size is 10.5Mb sub-directories of 1Mb or more: libs 9.5Mb Flavors: r-release-macos-arm64, r-release-macos-x86_64, r-oldrel-macos-arm64, r-oldrel-macos-x86_64