Last updated on 2025-01-19 05:49:12 CET.
Flavor | Version | Tinstall | Tcheck | Ttotal | Status | Flags |
---|---|---|---|---|---|---|
r-devel-linux-x86_64-debian-clang | 2.0 | 15.57 | 265.67 | 281.24 | OK | |
r-devel-linux-x86_64-debian-gcc | 2.0 | 12.84 | 177.90 | 190.74 | OK | |
r-devel-linux-x86_64-fedora-clang | 2.0 | 490.80 | OK | |||
r-devel-linux-x86_64-fedora-gcc | 2.0 | 472.98 | OK | |||
r-devel-windows-x86_64 | 2.0 | 17.00 | 601.00 | 618.00 | OK | |
r-patched-linux-x86_64 | 2.0 | 16.30 | 249.79 | 266.09 | OK | |
r-release-linux-x86_64 | 2.0 | 15.85 | 252.89 | 268.74 | OK | |
r-release-macos-arm64 | 2.0 | 110.00 | NOTE | |||
r-release-macos-x86_64 | 2.0 | 182.00 | NOTE | |||
r-release-windows-x86_64 | 2.0 | 17.00 | 279.00 | 296.00 | NOTE | |
r-oldrel-macos-arm64 | 2.0 | 144.00 | NOTE | |||
r-oldrel-macos-x86_64 | 2.0 | 264.00 | NOTE | |||
r-oldrel-windows-x86_64 | 2.0 | 23.00 | 310.00 | 333.00 | NOTE |
Version: 2.0
Check: installed package size
Result: NOTE
installed size is 7.3Mb
sub-directories of 1Mb or more:
doc 6.9Mb
Flavors: r-release-macos-arm64, r-release-macos-x86_64, r-release-windows-x86_64, r-oldrel-macos-arm64, r-oldrel-macos-x86_64, r-oldrel-windows-x86_64