CRAN Package Check Results for Package manifestoR

Last updated on 2025-01-19 05:49:12 CET.

Flavor Version Tinstall Tcheck Ttotal Status Flags
r-devel-linux-x86_64-debian-clang 1.6.0 8.61 63.47 72.08 NOTE
r-devel-linux-x86_64-debian-gcc 1.6.0 6.24 43.45 49.69 NOTE
r-devel-linux-x86_64-fedora-clang 1.6.0 120.72 OK
r-devel-linux-x86_64-fedora-gcc 1.6.0 126.99 OK
r-devel-windows-x86_64 1.6.0 12.00 87.00 99.00 NOTE
r-patched-linux-x86_64 1.6.0 13.66 59.08 72.74 OK
r-release-linux-x86_64 1.6.0 7.94 59.04 66.98 OK
r-release-macos-arm64 1.6.0 64.00 OK
r-release-macos-x86_64 1.6.0 72.00 OK
r-release-windows-x86_64 1.6.0 11.00 87.00 98.00 OK
r-oldrel-macos-arm64 1.6.0 49.00 OK
r-oldrel-macos-x86_64 1.6.0 83.00 OK
r-oldrel-windows-x86_64 1.6.0 14.00 95.00 109.00 OK

Check Details

Version: 1.6.0
Check: Rd cross-references
Result: NOTE Found the following Rd file(s) with Rd \link{} targets missing package anchors: mp_interpolate.Rd: na.approx Please provide package anchors for all Rd \link{} targets not in the package itself and the base packages. Flavors: r-devel-linux-x86_64-debian-clang, r-devel-linux-x86_64-debian-gcc, r-devel-windows-x86_64