CRAN Package Check Results for Package mapStats

Last updated on 2020-07-16 12:48:05 CEST.

Flavor Version Tinstall Tcheck Ttotal Status Flags
r-devel-linux-x86_64-debian-clang 2.4 12.83 108.94 121.77 NOTE
r-devel-linux-x86_64-debian-gcc 2.4 11.32 81.73 93.05 NOTE
r-devel-linux-x86_64-fedora-clang 2.4 152.18 NOTE
r-devel-linux-x86_64-fedora-gcc 2.4 150.94 NOTE
r-devel-windows-ix86+x86_64 2.4 48.00 199.00 247.00 NOTE
r-patched-linux-x86_64 2.4 7.95 103.46 111.41 NOTE
r-patched-solaris-x86 2.4 215.00 NOTE
r-release-linux-x86_64 2.4 9.44 105.25 114.69 NOTE
r-release-windows-ix86+x86_64 2.4 51.00 122.00 173.00 NOTE
r-oldrel-macos-x86_64 2.4 NOTE
r-oldrel-windows-ix86+x86_64 2.4 59.00 192.00 251.00 NOTE

Check Details

Version: 2.4
Check: R code for possible problems
Result: NOTE
    calcStats: no visible global function definition for 'as.formula'
    calcStats: no visible global function definition for 'na.omit'
    Undefined global functions or variables:
     as.formula na.omit
    Consider adding
     importFrom("stats", "as.formula", "na.omit")
    to your NAMESPACE file.
Flavors: r-devel-linux-x86_64-debian-clang, r-devel-linux-x86_64-debian-gcc, r-devel-linux-x86_64-fedora-clang, r-devel-linux-x86_64-fedora-gcc, r-devel-windows-ix86+x86_64, r-patched-linux-x86_64, r-patched-solaris-x86, r-release-linux-x86_64, r-release-windows-ix86+x86_64, r-oldrel-macos-x86_64, r-oldrel-windows-ix86+x86_64