Last updated on 2025-01-19 05:49:12 CET.
Flavor | Version | Tinstall | Tcheck | Ttotal | Status | Flags |
---|---|---|---|---|---|---|
r-devel-linux-x86_64-debian-clang | 1.0.0 | 58.92 | 85.38 | 144.30 | OK | |
r-devel-linux-x86_64-debian-gcc | 1.0.0 | 51.85 | 64.95 | 116.80 | OK | |
r-devel-linux-x86_64-fedora-clang | 1.0.0 | 259.01 | OK | |||
r-devel-linux-x86_64-fedora-gcc | 1.0.0 | 282.86 | OK | |||
r-devel-windows-x86_64 | 1.0.0 | 70.00 | 125.00 | 195.00 | OK | |
r-patched-linux-x86_64 | 1.0.0 | 74.41 | 80.35 | 154.76 | OK | |
r-release-linux-x86_64 | 1.0.0 | 75.32 | 80.70 | 156.02 | OK | |
r-release-macos-arm64 | 1.0.0 | 68.00 | NOTE | |||
r-release-macos-x86_64 | 1.0.0 | 92.00 | NOTE | |||
r-release-windows-x86_64 | 1.0.0 | 68.00 | 127.00 | 195.00 | OK | |
r-oldrel-macos-arm64 | 1.0.0 | 80.00 | NOTE | |||
r-oldrel-macos-x86_64 | 1.0.0 | 141.00 | NOTE | |||
r-oldrel-windows-x86_64 | 1.0.0 | 76.00 | 152.00 | 228.00 | OK |
Version: 1.0.0
Check: installed package size
Result: NOTE
installed size is 5.8Mb
sub-directories of 1Mb or more:
libs 5.1Mb
Flavors: r-release-macos-arm64, r-release-macos-x86_64, r-oldrel-macos-arm64, r-oldrel-macos-x86_64