Last updated on 2025-01-19 05:49:12 CET.
Flavor | Version | Tinstall | Tcheck | Ttotal | Status | Flags |
---|---|---|---|---|---|---|
r-devel-linux-x86_64-debian-clang | 1.4.1 | 45.90 | 357.23 | 403.13 | NOTE | |
r-devel-linux-x86_64-debian-gcc | 1.4.1 | 30.53 | 237.14 | 267.67 | NOTE | |
r-devel-linux-x86_64-fedora-clang | 1.4.1 | 697.73 | OK | |||
r-devel-linux-x86_64-fedora-gcc | 1.4.1 | 627.92 | OK | |||
r-devel-windows-x86_64 | 1.4.1 | 40.00 | 302.00 | 342.00 | NOTE | |
r-patched-linux-x86_64 | 1.4.1 | 43.86 | 340.74 | 384.60 | OK | |
r-release-linux-x86_64 | 1.4.1 | 41.77 | 337.08 | 378.85 | OK | |
r-release-macos-arm64 | 1.4.1 | 157.00 | OK | |||
r-release-macos-x86_64 | 1.4.1 | 277.00 | OK | |||
r-release-windows-x86_64 | 1.4.1 | 40.00 | 312.00 | 352.00 | OK | |
r-oldrel-macos-arm64 | 1.4.1 | 188.00 | OK | |||
r-oldrel-macos-x86_64 | 1.4.1 | 320.00 | OK | |||
r-oldrel-windows-x86_64 | 1.4.1 | 51.00 | 400.00 | 451.00 | OK |
Version: 1.4.1
Check: Rd cross-references
Result: NOTE
Found the following Rd file(s) with Rd \link{} targets missing package
anchors:
DE.Rd: st_crs
EU.Rd: st_crs
FR.Rd: st_crs
IT.Rd: st_crs
UK.Rd: st_crs
US.Rd: st_crs
WR.Rd: st_crs
loadCoordDE.Rd: st_crs
loadCoordEU.Rd: st_crs
loadCoordFR.Rd: st_crs
loadCoordIT.Rd: st_crs
loadCoordUK.Rd: st_crs
loadCoordUS.Rd: st_crs
loadCoordWR.Rd: st_crs
mapping.options.Rd: tm_layout, tm_borders, tm_fill, tm_style
Please provide package anchors for all Rd \link{} targets not in the
package itself and the base packages.
Flavors: r-devel-linux-x86_64-debian-clang, r-devel-linux-x86_64-debian-gcc, r-devel-windows-x86_64