CRAN Package Check Results for Package mapr

Last updated on 2020-07-12 12:47:36 CEST.

Flavor Version Tinstall Tcheck Ttotal Status Flags
r-devel-linux-x86_64-debian-clang 0.4.0 8.83 78.76 87.59 OK
r-devel-linux-x86_64-debian-gcc 0.4.0 7.43 60.90 68.33 OK
r-devel-linux-x86_64-fedora-clang 0.4.0 114.39 NOTE
r-devel-linux-x86_64-fedora-gcc 0.4.0 103.12 NOTE
r-devel-windows-ix86+x86_64 0.4.0 30.00 162.00 192.00 OK
r-patched-linux-x86_64 0.4.0 9.00 75.64 84.64 OK
r-patched-solaris-x86 0.4.0 158.10 NOTE
r-release-linux-x86_64 0.4.0 5.63 79.17 84.80 OK
r-release-macos-x86_64 0.4.0 NOTE
r-release-windows-ix86+x86_64 0.4.0 39.00 103.00 142.00 OK
r-oldrel-macos-x86_64 0.4.0 NOTE
r-oldrel-windows-ix86+x86_64 0.4.0 26.00 104.00 130.00 OK

Check Details

Version: 0.4.0
Check: Rd cross-references
Result: NOTE
    Undeclared packages ‘rgbif’, ‘htmltools’ in Rd xrefs
Flavor: r-devel-linux-x86_64-fedora-clang

Version: 0.4.0
Check: data for non-ASCII characters
Result: NOTE
     Note: found 164 marked UTF-8 strings
Flavors: r-devel-linux-x86_64-fedora-clang, r-devel-linux-x86_64-fedora-gcc, r-patched-solaris-x86, r-release-macos-x86_64, r-oldrel-macos-x86_64