Last updated on 2024-04-21 13:55:36 CEST.
Flavor | Version | Tinstall | Tcheck | Ttotal | Status | Flags |
---|---|---|---|---|---|---|
r-devel-linux-x86_64-debian-clang | 0.5.4 | 4.18 | 65.58 | 69.76 | OK | |
r-devel-linux-x86_64-debian-gcc | 0.5.4 | 3.35 | 50.21 | 53.56 | OK | |
r-devel-linux-x86_64-fedora-clang | 0.5.4 | 89.58 | NOTE | |||
r-devel-linux-x86_64-fedora-gcc | 0.5.4 | 97.96 | NOTE | |||
r-prerel-macos-arm64 | 0.5.4 | 34.00 | OK | |||
r-prerel-windows-x86_64 | 0.5.4 | 6.00 | 79.00 | 85.00 | OK | |
r-patched-linux-x86_64 | 0.5.4 | 3.64 | 62.56 | 66.20 | OK | |
r-release-linux-x86_64 | 0.5.4 | 3.56 | 61.73 | 65.29 | OK | |
r-release-macos-arm64 | 0.5.4 | 33.00 | OK | |||
r-release-macos-x86_64 | 0.5.4 | 59.00 | OK | |||
r-release-windows-x86_64 | 0.5.4 | 7.00 | 82.00 | 89.00 | OK | |
r-oldrel-macos-arm64 | 0.5.4 | 32.00 | OK | |||
r-oldrel-windows-x86_64 | 0.5.4 | 7.00 | 85.00 | 92.00 | OK |
Version: 0.5.4
Check: data for non-ASCII characters
Result: NOTE
Note: found 55 marked UTF-8 strings
Flavors: r-devel-linux-x86_64-fedora-clang, r-devel-linux-x86_64-fedora-gcc