Last updated on 2025-01-19 05:49:12 CET.
Flavor | Version | Tinstall | Tcheck | Ttotal | Status | Flags |
---|---|---|---|---|---|---|
r-devel-linux-x86_64-debian-clang | 0.1.1 | 26.38 | 68.12 | 94.50 | OK | |
r-devel-linux-x86_64-debian-gcc | 0.1.1 | 20.27 | 49.34 | 69.61 | OK | |
r-devel-linux-x86_64-fedora-clang | 0.1.1 | 168.15 | OK | |||
r-devel-linux-x86_64-fedora-gcc | 0.1.1 | 176.05 | OK | |||
r-devel-windows-x86_64 | 0.1.1 | 32.00 | 97.00 | 129.00 | OK | |
r-patched-linux-x86_64 | 0.1.1 | 26.50 | 64.00 | 90.50 | OK | |
r-release-linux-x86_64 | 0.1.1 | 26.09 | 63.67 | 89.76 | OK | |
r-release-macos-arm64 | 0.1.1 | 57.00 | NOTE | |||
r-release-macos-x86_64 | 0.1.1 | 121.00 | NOTE | |||
r-release-windows-x86_64 | 0.1.1 | 32.00 | 99.00 | 131.00 | OK | |
r-oldrel-macos-arm64 | 0.1.1 | 60.00 | NOTE | |||
r-oldrel-macos-x86_64 | 0.1.1 | 114.00 | NOTE | |||
r-oldrel-windows-x86_64 | 0.1.1 | 36.00 | 118.00 | 154.00 | OK |
Version: 0.1.1
Check: installed package size
Result: NOTE
installed size is 5.4Mb
sub-directories of 1Mb or more:
doc 2.6Mb
libs 2.0Mb
Flavors: r-release-macos-arm64, r-release-macos-x86_64, r-oldrel-macos-arm64, r-oldrel-macos-x86_64