Last updated on 2025-01-19 05:49:12 CET.
Flavor | Version | Tinstall | Tcheck | Ttotal | Status | Flags |
---|---|---|---|---|---|---|
r-devel-linux-x86_64-debian-clang | 0.7.1 | 7.31 | 143.71 | 151.02 | OK | |
r-devel-linux-x86_64-debian-gcc | 0.7.1 | 4.61 | 102.45 | 107.06 | OK | |
r-devel-linux-x86_64-fedora-clang | 0.7.1 | 254.46 | OK | |||
r-devel-linux-x86_64-fedora-gcc | 0.7.1 | 256.90 | OK | |||
r-devel-windows-x86_64 | 0.7.1 | 14.00 | 150.00 | 164.00 | OK | |
r-patched-linux-x86_64 | 0.7.1 | 6.80 | 131.78 | 138.58 | OK | |
r-release-linux-x86_64 | 0.7.1 | 6.83 | 133.31 | 140.14 | OK | |
r-release-macos-arm64 | 0.7.1 | 73.00 | NOTE | |||
r-release-macos-x86_64 | 0.7.1 | 154.00 | NOTE | |||
r-release-windows-x86_64 | 0.7.1 | 13.00 | 152.00 | 165.00 | NOTE | |
r-oldrel-macos-arm64 | 0.7.1 | 72.00 | NOTE | |||
r-oldrel-macos-x86_64 | 0.7.1 | 133.00 | NOTE | |||
r-oldrel-windows-x86_64 | 0.7.1 | 14.00 | 158.00 | 172.00 | NOTE |
Version: 0.7.1
Check: installed package size
Result: NOTE
installed size is 7.5Mb
sub-directories of 1Mb or more:
doc 6.4Mb
Flavors: r-release-macos-arm64, r-release-macos-x86_64, r-release-windows-x86_64, r-oldrel-macos-arm64, r-oldrel-macos-x86_64, r-oldrel-windows-x86_64