Last updated on 2025-01-19 05:49:12 CET.
Flavor | Version | Tinstall | Tcheck | Ttotal | Status | Flags |
---|---|---|---|---|---|---|
r-devel-linux-x86_64-debian-clang | 0.1.0 | 26.31 | 104.49 | 130.80 | OK | |
r-devel-linux-x86_64-debian-gcc | 0.1.0 | 32.84 | 75.41 | 108.25 | OK | |
r-devel-linux-x86_64-fedora-clang | 0.1.0 | 216.14 | OK | |||
r-devel-linux-x86_64-fedora-gcc | 0.1.0 | 272.45 | OK | |||
r-devel-windows-x86_64 | 0.1.0 | 27.00 | 101.00 | 128.00 | OK | |
r-patched-linux-x86_64 | 0.1.0 | 63.47 | 97.72 | 161.19 | OK | |
r-release-linux-x86_64 | 0.1.0 | 60.01 | 98.35 | 158.36 | OK | |
r-release-macos-arm64 | 0.1.0 | 65.00 | NOTE | |||
r-release-macos-x86_64 | 0.1.0 | 107.00 | NOTE | |||
r-release-windows-x86_64 | 0.1.0 | 26.00 | 102.00 | 128.00 | OK | |
r-oldrel-macos-arm64 | 0.1.0 | 61.00 | NOTE | |||
r-oldrel-macos-x86_64 | 0.1.0 | 101.00 | NOTE | |||
r-oldrel-windows-x86_64 | 0.1.0 | 44.00 | 121.00 | 165.00 | OK |
Version: 0.1.0
Check: installed package size
Result: NOTE
installed size is 6.0Mb
sub-directories of 1Mb or more:
doc 2.3Mb
libs 2.8Mb
Flavors: r-release-macos-arm64, r-release-macos-x86_64, r-oldrel-macos-arm64, r-oldrel-macos-x86_64