CRAN Package Check Results for Package massiveGST

Last updated on 2025-01-19 05:49:12 CET.

Flavor Version Tinstall Tcheck Ttotal Status Flags
r-devel-linux-x86_64-debian-clang 1.2.3 6.21 179.56 185.77 NOTE
r-devel-linux-x86_64-debian-gcc 1.2.3 3.91 128.15 132.06 NOTE
r-devel-linux-x86_64-fedora-clang 1.2.3 303.60 OK
r-devel-linux-x86_64-fedora-gcc 1.2.3 359.15 OK
r-devel-windows-x86_64 1.2.3 8.00 305.00 313.00 NOTE
r-patched-linux-x86_64 1.2.3 10.54 163.43 173.97 OK
r-release-linux-x86_64 1.2.3 5.29 164.37 169.66 OK
r-release-macos-arm64 1.2.3 86.00 OK
r-release-macos-x86_64 1.2.3 149.00 OK
r-release-windows-x86_64 1.2.3 8.00 204.00 212.00 OK
r-oldrel-macos-arm64 1.2.3 100.00 OK
r-oldrel-macos-x86_64 1.2.3 173.00 OK
r-oldrel-windows-x86_64 1.2.3 10.00 223.00 233.00 OK

Check Details

Version: 1.2.3
Check: Rd cross-references
Result: NOTE Found the following Rd file(s) with Rd \link{} targets missing package anchors: get_geneSets_from_msigdbr.Rd: msigdbr plot.mGST.Rd: visOptions, visNetwork save_as_xls.Rd: WriteXLS Please provide package anchors for all Rd \link{} targets not in the package itself and the base packages. Flavors: r-devel-linux-x86_64-debian-clang, r-devel-linux-x86_64-debian-gcc, r-devel-windows-x86_64