CRAN Package Check Results for Package matchmaker

Last updated on 2025-01-19 05:49:12 CET.

Flavor Version Tinstall Tcheck Ttotal Status Flags
r-devel-linux-x86_64-debian-clang 0.1.1 2.72 33.94 36.66 OK
r-devel-linux-x86_64-debian-gcc 0.1.1 1.89 26.46 28.35 OK
r-devel-linux-x86_64-fedora-clang 0.1.1 61.67 OK
r-devel-linux-x86_64-fedora-gcc 0.1.1 73.03 OK
r-devel-windows-x86_64 0.1.1 5.00 55.00 60.00 OK
r-patched-linux-x86_64 0.1.1 2.74 32.16 34.90 NOTE
r-release-linux-x86_64 0.1.1 2.96 32.16 35.12 NOTE
r-release-macos-arm64 0.1.1 29.00 NOTE
r-release-macos-x86_64 0.1.1 44.00 NOTE
r-release-windows-x86_64 0.1.1 4.00 61.00 65.00 NOTE
r-oldrel-macos-arm64 0.1.1 32.00 NOTE
r-oldrel-macos-x86_64 0.1.1 41.00 NOTE
r-oldrel-windows-x86_64 0.1.1 5.00 58.00 63.00 NOTE

Check Details

Version: 0.1.1
Check: LazyData
Result: NOTE 'LazyData' is specified without a 'data' directory Flavors: r-patched-linux-x86_64, r-release-linux-x86_64, r-release-macos-arm64, r-release-macos-x86_64, r-release-windows-x86_64, r-oldrel-macos-arm64, r-oldrel-macos-x86_64, r-oldrel-windows-x86_64