CRAN Package Check Results for Package mateable

Last updated on 2025-01-19 05:49:12 CET.

Flavor Version Tinstall Tcheck Ttotal Status Flags
r-devel-linux-x86_64-debian-clang 0.3.2 21.87 46.70 68.57 NOTE
r-devel-linux-x86_64-debian-gcc 0.3.2 13.92 35.81 49.73 NOTE
r-devel-linux-x86_64-fedora-clang 0.3.2 122.75 OK
r-devel-linux-x86_64-fedora-gcc 0.3.2 133.42 OK
r-devel-windows-x86_64 0.3.2 26.00 283.00 309.00 NOTE
r-patched-linux-x86_64 0.3.2 23.55 44.94 68.49 OK
r-release-linux-x86_64 0.3.2 20.65 45.19 65.84 OK
r-release-macos-arm64 0.3.2 37.00 OK
r-release-macos-x86_64 0.3.2 51.00 OK
r-release-windows-x86_64 0.3.2 26.00 84.00 110.00 OK
r-oldrel-macos-arm64 0.3.2 40.00 OK
r-oldrel-macos-x86_64 0.3.2 64.00 OK
r-oldrel-windows-x86_64 0.3.2 31.00 92.00 123.00 OK

Check Details

Version: 0.3.2
Check: Rd cross-references
Result: NOTE Found the following Rd file(s) with Rd \link{} targets missing package anchors: kNearNeighbors.Rd: knn.dist Please provide package anchors for all Rd \link{} targets not in the package itself and the base packages. Flavors: r-devel-linux-x86_64-debian-clang, r-devel-linux-x86_64-debian-gcc, r-devel-windows-x86_64