Last updated on 2025-01-19 05:49:12 CET.
Flavor | Version | Tinstall | Tcheck | Ttotal | Status | Flags |
---|---|---|---|---|---|---|
r-devel-linux-x86_64-debian-clang | 0.1.0 | 14.89 | 113.36 | 128.25 | OK | |
r-devel-linux-x86_64-debian-gcc | 0.1.0 | 9.93 | 86.47 | 96.40 | OK | |
r-devel-linux-x86_64-fedora-clang | 0.1.0 | 206.40 | NOTE | |||
r-devel-linux-x86_64-fedora-gcc | 0.1.0 | 205.44 | NOTE | |||
r-devel-windows-x86_64 | 0.1.0 | 14.00 | 179.00 | 193.00 | OK | |
r-patched-linux-x86_64 | 0.1.0 | 11.70 | 104.71 | 116.41 | OK | |
r-release-linux-x86_64 | 0.1.0 | 10.01 | 106.55 | 116.56 | OK | |
r-release-macos-arm64 | 0.1.0 | 59.00 | OK | |||
r-release-macos-x86_64 | 0.1.0 | 95.00 | OK | |||
r-release-windows-x86_64 | 0.1.0 | 14.00 | 121.00 | 135.00 | OK | |
r-oldrel-macos-arm64 | 0.1.0 | 66.00 | OK | |||
r-oldrel-macos-x86_64 | 0.1.0 | 127.00 | OK | |||
r-oldrel-windows-x86_64 | 0.1.0 | 18.00 | 141.00 | 159.00 | OK |
Version: 0.1.0
Check: dependencies in R code
Result: NOTE
Namespace in Imports field not imported from: ‘formatR’
All declared Imports should be used.
Flavors: r-devel-linux-x86_64-fedora-clang, r-devel-linux-x86_64-fedora-gcc