CRAN Package Check Results for Package maxlike

Last updated on 2025-01-19 05:49:12 CET.

Flavor Version Tinstall Tcheck Ttotal Status Flags
r-devel-linux-x86_64-debian-clang 0.1-11 24.57 222.43 247.00 NOTE
r-devel-linux-x86_64-debian-gcc 0.1-11 15.70 144.63 160.33 NOTE
r-devel-linux-x86_64-fedora-clang 0.1-11 405.51 OK
r-devel-linux-x86_64-fedora-gcc 0.1-11 371.50 OK
r-devel-windows-x86_64 0.1-11 24.00 174.00 198.00 NOTE
r-patched-linux-x86_64 0.1-11 26.10 208.56 234.66 OK
r-release-linux-x86_64 0.1-11 21.58 207.35 228.93 OK
r-release-macos-arm64 0.1-11 80.00 OK
r-release-macos-x86_64 0.1-11 152.00 OK
r-release-windows-x86_64 0.1-11 24.00 184.00 208.00 OK
r-oldrel-macos-arm64 0.1-11 87.00 OK
r-oldrel-macos-x86_64 0.1-11 262.00 OK
r-oldrel-windows-x86_64 0.1-11 28.00 231.00 259.00 OK

Check Details

Version: 0.1-11
Check: Rd cross-references
Result: NOTE Found the following Rd file(s) with Rd \link{} targets missing package anchors: carw.Rd: raster maxlike-package.Rd: raster maxlike.Rd: raster-package, raster Please provide package anchors for all Rd \link{} targets not in the package itself and the base packages. Flavors: r-devel-linux-x86_64-debian-clang, r-devel-linux-x86_64-debian-gcc, r-devel-windows-x86_64