Last updated on 2024-05-01 16:53:00 CEST.
Flavor | Version | Tinstall | Tcheck | Ttotal | Status | Flags |
---|---|---|---|---|---|---|
r-devel-linux-x86_64-debian-clang | 1.0.0 | 33.44 | 58.22 | 91.66 | NOTE | |
r-devel-linux-x86_64-debian-gcc | 1.0.0 | 19.76 | 45.54 | 65.30 | NOTE | |
r-devel-linux-x86_64-fedora-clang | 1.0.0 | 116.55 | NOTE | |||
r-devel-linux-x86_64-fedora-gcc | 1.0.0 | 110.68 | NOTE | |||
r-devel-windows-x86_64 | 1.0.0 | 21.00 | 82.00 | 103.00 | NOTE | |
r-patched-linux-x86_64 | 1.0.0 | 24.20 | 54.98 | 79.18 | NOTE | |
r-release-linux-x86_64 | 1.0.0 | 23.74 | 55.12 | 78.86 | NOTE | |
r-release-macos-arm64 | 1.0.0 | 32.00 | NOTE | |||
r-release-windows-x86_64 | 1.0.0 | 20.00 | 80.00 | 100.00 | NOTE | |
r-oldrel-macos-arm64 | 1.0.0 | 36.00 | NOTE | |||
r-oldrel-macos-x86_64 | 1.0.0 | 62.00 | NOTE | |||
r-oldrel-windows-x86_64 | 1.0.0 | 21.00 | 95.00 | 116.00 | NOTE |
Version: 1.0.0
Check: LazyData
Result: NOTE
'LazyData' is specified without a 'data' directory
Flavors: r-devel-linux-x86_64-debian-clang, r-devel-linux-x86_64-debian-gcc, r-devel-linux-x86_64-fedora-clang, r-devel-linux-x86_64-fedora-gcc, r-devel-windows-x86_64, r-patched-linux-x86_64, r-release-linux-x86_64, r-release-macos-arm64, r-release-windows-x86_64, r-oldrel-macos-arm64, r-oldrel-macos-x86_64, r-oldrel-windows-x86_64
Version: 1.0.0
Check: dependencies in R code
Result: NOTE
Namespace in Imports field not imported from: ‘stats’
All declared Imports should be used.
Flavors: r-devel-linux-x86_64-fedora-clang, r-devel-linux-x86_64-fedora-gcc