Last updated on 2025-01-19 05:49:14 CET.
Flavor | Version | Tinstall | Tcheck | Ttotal | Status | Flags |
---|---|---|---|---|---|---|
r-devel-linux-x86_64-debian-clang | 0.0.1 | 10.31 | 87.36 | 97.67 | OK | |
r-devel-linux-x86_64-debian-gcc | 0.0.1 | 6.23 | 60.28 | 66.51 | OK | |
r-devel-linux-x86_64-fedora-clang | 0.0.1 | 163.05 | NOTE | |||
r-devel-linux-x86_64-fedora-gcc | 0.0.1 | 169.14 | NOTE | |||
r-devel-windows-x86_64 | 0.0.1 | 11.00 | 94.00 | 105.00 | OK | |
r-patched-linux-x86_64 | 0.0.1 | 9.62 | 79.42 | 89.04 | OK | |
r-release-linux-x86_64 | 0.0.1 | 7.99 | 79.48 | 87.47 | OK | |
r-release-macos-arm64 | 0.0.1 | 49.00 | OK | |||
r-release-macos-x86_64 | 0.0.1 | 77.00 | OK | |||
r-release-windows-x86_64 | 0.0.1 | 11.00 | 98.00 | 109.00 | OK | |
r-oldrel-macos-arm64 | 0.0.1 | 55.00 | OK | |||
r-oldrel-macos-x86_64 | 0.0.1 | 90.00 | OK | |||
r-oldrel-windows-x86_64 | 0.0.1 | 13.00 | 116.00 | 129.00 | OK |
Version: 0.0.1
Check: dependencies in R code
Result: NOTE
Namespace in Imports field not imported from: ‘MASS’
All declared Imports should be used.
Flavors: r-devel-linux-x86_64-fedora-clang, r-devel-linux-x86_64-fedora-gcc