CRAN Package Check Results for Package mcca

Last updated on 2019-11-21 12:48:33 CET.

Flavor Version Tinstall Tcheck Ttotal Status Flags
r-devel-linux-x86_64-debian-clang 0.6.0 13.89 103.36 117.25 OK
r-devel-linux-x86_64-debian-gcc 0.6.0 11.63 83.03 94.66 OK
r-devel-linux-x86_64-fedora-clang 0.6.0 147.05 OK
r-devel-linux-x86_64-fedora-gcc 0.6.0 145.32 OK
r-devel-windows-ix86+x86_64 0.6.0 48.00 156.00 204.00 OK
r-devel-windows-ix86+x86_64-gcc8 0.6.0 35.00 114.00 149.00 OK
r-patched-linux-x86_64 0.6.0 13.09 96.11 109.20 OK
r-patched-solaris-x86 0.6.0 218.50 OK
r-release-linux-x86_64 0.6.0 13.58 96.85 110.43 OK
r-release-windows-ix86+x86_64 0.6.0 48.00 176.00 224.00 OK
r-release-osx-x86_64 0.6.0 WARN
r-oldrel-windows-ix86+x86_64 0.6.0 16.00 151.00 167.00 OK
r-oldrel-osx-x86_64 0.6.0 WARN

Check Details

Version: 0.6.0
Check: whether package can be installed
Result: WARN
    Found the following significant warnings:
     Warning: 'rgl_init' failed, running with rgl.useNULL = TRUE
Flavors: r-release-osx-x86_64, r-oldrel-osx-x86_64

Version: 0.6.0
Check: dependencies in R code
Result: NOTE
    No protocol specified
Flavors: r-release-osx-x86_64, r-oldrel-osx-x86_64

Version: 0.6.0
Check: S3 generic/method consistency
Result: WARN
    No protocol specified
    See section ‘Generic functions and methods’ in the ‘Writing R
    Extensions’ manual.
Flavors: r-release-osx-x86_64, r-oldrel-osx-x86_64

Version: 0.6.0
Check: replacement functions
Result: WARN
    No protocol specified
    The argument of a replacement function which corresponds to the right
    hand side must be named ‘value’.
Flavors: r-release-osx-x86_64, r-oldrel-osx-x86_64

Version: 0.6.0
Check: foreign function calls
Result: NOTE
    No protocol specified
    See chapter ‘System and foreign language interfaces’ in the ‘Writing R
    Extensions’ manual.
Flavors: r-release-osx-x86_64, r-oldrel-osx-x86_64

Version: 0.6.0
Check: R code for possible problems
Result: NOTE
    No protocol specified
Flavors: r-release-osx-x86_64, r-oldrel-osx-x86_64

Version: 0.6.0
Check: for missing documentation entries
Result: WARN
    No protocol specified
    All user-level objects in a package should have documentation entries.
    See chapter ‘Writing R documentation files’ in the ‘Writing R
    Extensions’ manual.
Flavors: r-release-osx-x86_64, r-oldrel-osx-x86_64

Version: 0.6.0
Check: for code/documentation mismatches
Result: WARN
    No protocol specified
    No protocol specified
    No protocol specified
Flavors: r-release-osx-x86_64, r-oldrel-osx-x86_64

Version: 0.6.0
Check: Rd \usage sections
Result: NOTE
    No protocol specified
    The \usage entries for S3 methods should use the \method markup and not
    their full name.
    See chapter ‘Writing R documentation files’ in the ‘Writing R
    Extensions’ manual.
Flavors: r-release-osx-x86_64, r-oldrel-osx-x86_64