CRAN Package Check Results for Package mclust

Last updated on 2020-05-28 12:48:43 CEST.

Flavor Version Tinstall Tcheck Ttotal Status Flags
r-devel-linux-x86_64-debian-clang 5.4.6 36.24 219.31 255.55 OK
r-devel-linux-x86_64-debian-gcc 5.4.6 34.04 156.82 190.86 OK
r-devel-linux-x86_64-fedora-clang 5.4.6 309.03 NOTE
r-devel-linux-x86_64-fedora-gcc 5.4.6 311.00 OK
r-devel-windows-ix86+x86_64 5.4.6 69.00 309.00 378.00 NOTE
r-patched-linux-x86_64 5.4.6 37.30 217.39 254.69 OK
r-patched-solaris-x86 5.4.6 428.60 NOTE
r-release-linux-x86_64 5.4.6 37.03 218.81 255.84 OK
r-release-osx-x86_64 5.4.6 NOTE
r-release-windows-ix86+x86_64 5.4.6 68.00 457.00 525.00 NOTE
r-oldrel-osx-x86_64 5.4.6 NOTE
r-oldrel-windows-ix86+x86_64 5.4.6 82.00 341.00 423.00 NOTE

Check Details

Version: 5.4.6
Check: installed package size
Result: NOTE
     installed size is 5.8Mb
     sub-directories of 1Mb or more:
     doc 3.0Mb
Flavors: r-devel-linux-x86_64-fedora-clang, r-devel-windows-ix86+x86_64, r-patched-solaris-x86, r-release-osx-x86_64, r-release-windows-ix86+x86_64, r-oldrel-osx-x86_64, r-oldrel-windows-ix86+x86_64