CRAN Package Check Results for Package mclust

Last updated on 2019-10-15 12:46:15 CEST.

Flavor Version Tinstall Tcheck Ttotal Status Flags
r-devel-linux-x86_64-debian-clang 5.4.5 32.89 201.04 233.93 OK
r-devel-linux-x86_64-debian-gcc 5.4.5 30.78 143.67 174.45 OK
r-devel-linux-x86_64-fedora-clang 5.4.5 289.37 NOTE
r-devel-linux-x86_64-fedora-gcc 5.4.5 286.96 OK
r-devel-windows-ix86+x86_64 5.4.5 81.00 387.00 468.00 NOTE
r-patched-linux-x86_64 5.4.5 31.64 196.96 228.60 OK
r-patched-solaris-x86 5.4.5 404.20 NOTE
r-release-linux-x86_64 5.4.5 33.19 198.41 231.60 OK
r-release-windows-ix86+x86_64 5.4.5 80.00 294.00 374.00 NOTE
r-release-osx-x86_64 5.4.5 NOTE
r-oldrel-windows-ix86+x86_64 5.4.5 66.00 280.00 346.00 NOTE
r-oldrel-osx-x86_64 5.4.5 NOTE

Check Details

Version: 5.4.5
Check: installed package size
Result: NOTE
     installed size is 5.8Mb
     sub-directories of 1Mb or more:
     doc 3.0Mb
Flavors: r-devel-linux-x86_64-fedora-clang, r-devel-windows-ix86+x86_64, r-patched-solaris-x86, r-release-windows-ix86+x86_64, r-release-osx-x86_64, r-oldrel-windows-ix86+x86_64, r-oldrel-osx-x86_64

Version: 5.4.5
Check: R code for possible problems
Result: NOTE
    surfacePlot : <anonymous>: no visible global function definition for
     'hcl.colors'
    Undefined global functions or variables:
     hcl.colors
Flavors: r-oldrel-windows-ix86+x86_64, r-oldrel-osx-x86_64