Last updated on 2024-04-17 13:57:34 CEST.
Flavor | Version | Tinstall | Tcheck | Ttotal | Status | Flags |
---|---|---|---|---|---|---|
r-devel-linux-x86_64-debian-clang | 1.3.1 | 2.96 | 27.99 | 30.95 | NOTE | |
r-devel-linux-x86_64-debian-gcc | 1.3.1 | 2.06 | 20.79 | 22.85 | NOTE | |
r-devel-linux-x86_64-fedora-clang | 1.3.1 | 38.41 | NOTE | |||
r-devel-linux-x86_64-fedora-gcc | 1.3.1 | 35.31 | NOTE | |||
r-prerel-macos-arm64 | 1.3.1 | 14.00 | NOTE | |||
r-prerel-windows-x86_64 | 1.3.1 | 3.00 | 42.00 | 45.00 | NOTE | |
r-patched-linux-x86_64 | 1.3.1 | 2.50 | 25.73 | 28.23 | NOTE | |
r-release-linux-x86_64 | 1.3.1 | 1.85 | 26.87 | 28.72 | NOTE | |
r-release-macos-arm64 | 1.3.1 | 19.00 | NOTE | |||
r-release-macos-x86_64 | 1.3.1 | 22.00 | NOTE | |||
r-release-windows-x86_64 | 1.3.1 | 5.00 | 43.00 | 48.00 | NOTE | |
r-oldrel-macos-arm64 | 1.3.1 | 18.00 | OK | |||
r-oldrel-windows-x86_64 | 1.3.1 | 7.00 | 51.00 | 58.00 | OK |
Version: 1.3.1
Check: Rd files
Result: NOTE
checkRd: (-1) eigp.Rd:34: Escaped LaTeX specials: \&
checkRd: (-1) imcdiag.Rd:50: Escaped LaTeX specials: \&
checkRd: (-1) imcdiag.Rd:52: Escaped LaTeX specials: \&
checkRd: (-1) mc.plot.Rd:23: Escaped LaTeX specials: \&
checkRd: (-1) mc.plot.Rd:25: Escaped LaTeX specials: \&
checkRd: (-1) mctest.Rd:39: Escaped LaTeX specials: \&
checkRd: (-1) mctest.Rd:41: Escaped LaTeX specials: \&
checkRd: (-1) omcdiag.Rd:39: Escaped LaTeX specials: \&
checkRd: (-1) omcdiag.Rd:41: Escaped LaTeX specials: \&
Flavors: r-devel-linux-x86_64-debian-clang, r-devel-linux-x86_64-debian-gcc, r-devel-linux-x86_64-fedora-clang, r-devel-linux-x86_64-fedora-gcc, r-prerel-macos-arm64, r-prerel-windows-x86_64, r-patched-linux-x86_64, r-release-linux-x86_64, r-release-macos-arm64, r-release-macos-x86_64, r-release-windows-x86_64