Last updated on 2025-01-19 05:49:14 CET.
Flavor | Version | Tinstall | Tcheck | Ttotal | Status | Flags |
---|---|---|---|---|---|---|
r-devel-linux-x86_64-debian-clang | 0.3.2 | 2.22 | 64.63 | 66.85 | NOTE | |
r-devel-linux-x86_64-debian-gcc | 0.3.2 | 1.63 | 42.30 | 43.93 | NOTE | |
r-devel-linux-x86_64-fedora-clang | 0.3.2 | 116.78 | NOTE | |||
r-devel-linux-x86_64-fedora-gcc | 0.3.2 | 122.50 | NOTE | |||
r-devel-windows-x86_64 | 0.3.2 | 4.00 | 81.00 | 85.00 | NOTE | |
r-patched-linux-x86_64 | 0.3.2 | 1.42 | 60.13 | 61.55 | NOTE | |
r-release-linux-x86_64 | 0.3.2 | 2.23 | 61.22 | 63.45 | NOTE | |
r-release-macos-arm64 | 0.3.2 | 40.00 | NOTE | |||
r-release-macos-x86_64 | 0.3.2 | 61.00 | NOTE | |||
r-release-windows-x86_64 | 0.3.2 | 4.00 | 86.00 | 90.00 | NOTE | |
r-oldrel-macos-arm64 | 0.3.2 | 46.00 | NOTE | |||
r-oldrel-macos-x86_64 | 0.3.2 | 72.00 | NOTE | |||
r-oldrel-windows-x86_64 | 0.3.2 | 4.00 | 93.00 | 97.00 | NOTE |
Version: 0.3.2
Check: package subdirectories
Result: NOTE
Problems with news in ‘NEWS.md’:
Cannot extract version info from the following section titles:
Initial version.
Flavors: r-devel-linux-x86_64-debian-clang, r-devel-linux-x86_64-debian-gcc, r-devel-linux-x86_64-fedora-clang, r-devel-linux-x86_64-fedora-gcc, r-devel-windows-x86_64, r-patched-linux-x86_64, r-release-linux-x86_64, r-release-macos-arm64, r-release-macos-x86_64, r-release-windows-x86_64, r-oldrel-macos-arm64, r-oldrel-macos-x86_64, r-oldrel-windows-x86_64