Last updated on 2025-01-19 05:49:14 CET.
Flavor | Version | Tinstall | Tcheck | Ttotal | Status | Flags |
---|---|---|---|---|---|---|
r-devel-linux-x86_64-debian-clang | 0.7-6 | 22.32 | 183.13 | 205.45 | NOTE | |
r-devel-linux-x86_64-debian-gcc | 0.7-6 | 15.81 | 132.90 | 148.71 | NOTE | |
r-devel-linux-x86_64-fedora-clang | 0.7-6 | 321.61 | OK | |||
r-devel-linux-x86_64-fedora-gcc | 0.7-6 | 310.19 | OK | |||
r-devel-windows-x86_64 | 0.7-6 | 23.00 | 195.00 | 218.00 | NOTE | |
r-patched-linux-x86_64 | 0.7-6 | 28.99 | 168.52 | 197.51 | OK | |
r-release-linux-x86_64 | 0.7-6 | 20.26 | 168.58 | 188.84 | OK | |
r-release-macos-arm64 | 0.7-6 | 92.00 | OK | |||
r-release-macos-x86_64 | 0.7-6 | 138.00 | OK | |||
r-release-windows-x86_64 | 0.7-6 | 24.00 | 194.00 | 218.00 | OK | |
r-oldrel-macos-arm64 | 0.7-6 | 64.00 | OK | |||
r-oldrel-macos-x86_64 | 0.7-6 | 116.00 | OK | |||
r-oldrel-windows-x86_64 | 0.7-6 | 31.00 | 227.00 | 258.00 | OK |
Version: 0.7-6
Check: Rd cross-references
Result: NOTE
Found the following Rd file(s) with Rd \link{} targets missing package
anchors:
findOptimalSmacofSym.rd: data.Normalization, dist.GDM, smacofSym
optSmacofSymInterval.rd: data.Normalization, interval_normalization,
dist.Symbolic, smacofSym
optSmacofSym_mMDS.rd: data.Normalization, dist.GDM, smacofSym
optSmacofSym_nMDS.rd: data.Normalization, dist.GDM, smacofSym
rotation2dAnimation.rd: ani.options, im.convert, saveGIF, saveHTML,
saveLatex, saveSWF
Please provide package anchors for all Rd \link{} targets not in the
package itself and the base packages.
Flavors: r-devel-linux-x86_64-debian-clang, r-devel-linux-x86_64-debian-gcc, r-devel-windows-x86_64