CRAN Package Check Results for Package measures

Last updated on 2025-01-19 05:49:14 CET.

Flavor Version Tinstall Tcheck Ttotal Status Flags
r-devel-linux-x86_64-debian-clang 0.3 2.36 23.17 25.53 OK
r-devel-linux-x86_64-debian-gcc 0.3 1.78 18.87 20.65 OK
r-devel-linux-x86_64-fedora-clang 0.3 42.14 OK
r-devel-linux-x86_64-fedora-gcc 0.3 41.41 OK
r-devel-windows-x86_64 0.3 5.00 56.00 61.00 OK
r-patched-linux-x86_64 0.3 2.87 22.40 25.27 NOTE
r-release-linux-x86_64 0.3 2.50 22.84 25.34 NOTE
r-release-macos-arm64 0.3 16.00 NOTE
r-release-macos-x86_64 0.3 24.00 NOTE
r-release-windows-x86_64 0.3 4.00 56.00 60.00 NOTE
r-oldrel-macos-arm64 0.3 19.00 NOTE
r-oldrel-macos-x86_64 0.3 24.00 NOTE
r-oldrel-windows-x86_64 0.3 5.00 58.00 63.00 NOTE

Check Details

Version: 0.3
Check: LazyData
Result: NOTE 'LazyData' is specified without a 'data' directory Flavors: r-patched-linux-x86_64, r-release-linux-x86_64, r-release-macos-arm64, r-release-macos-x86_64, r-release-windows-x86_64, r-oldrel-macos-arm64, r-oldrel-macos-x86_64, r-oldrel-windows-x86_64