Last updated on 2024-04-24 19:55:14 CEST.
Flavor | Version | Tinstall | Tcheck | Ttotal | Status | Flags |
---|---|---|---|---|---|---|
r-devel-linux-x86_64-debian-clang | 4.5.0 | 25.20 | 333.97 | 359.17 | OK | |
r-devel-linux-x86_64-debian-gcc | 4.5.0 | 22.82 | 243.14 | 265.96 | OK | |
r-devel-linux-x86_64-fedora-clang | 4.5.0 | 445.66 | OK | |||
r-devel-linux-x86_64-fedora-gcc | 4.5.0 | 439.35 | OK | |||
r-devel-windows-x86_64 | 4.5.0 | 23.00 | 321.00 | 344.00 | OK | |
r-patched-linux-x86_64 | 4.5.0 | 22.35 | 327.99 | 350.34 | OK | |
r-release-linux-x86_64 | 4.5.0 | 16.54 | 333.34 | 349.88 | OK | |
r-release-macos-arm64 | 4.5.0 | 186.00 | OK | |||
r-release-windows-x86_64 | 4.5.0 | 21.00 | 74421.00 | 74442.00 | ERROR | |
r-oldrel-macos-arm64 | 4.5.0 | 158.00 | OK | |||
r-oldrel-macos-x86_64 | 4.5.0 | 316.00 | OK | |||
r-oldrel-windows-x86_64 | 4.5.0 | 30.00 | 365.00 | 395.00 | OK |
Version: 4.5.0
Check: re-building of vignette outputs
Result: ERROR
Error(s) in re-building vignettes:
--- re-building 'mediation-old.Rnw' using Sweave
Warning in system(paste(shQuote(texi2dvi), if (quiet) "--quiet" else "", :
running command '"C:\PROGRA~1\MiKTeX\miktex\bin\x64\texify.exe" --quiet --pdf "mediation-old.tex" --max-iterations=20 -I "D:/RCompile/recent/R/share/texmf/tex/latex" -I "D:/RCompile/recent/R/share/texmf/bibtex/bst"' had status 1
Error: processing vignette 'mediation-old.Rnw' failed with diagnostics:
Failed to locate 'texi2pdf' output file 'mediation-old.pdf' for vignette with name 'mediation-old' and engine 'utils::Sweave'. The following files exist in working directory 'D:\RCompile\CRANpkg\local\4.4\mediation.Rcheck\vign_test\mediation\vignettes': 'BinaryMediator-Sensitivity-Rpaper.pdf' (15053 bytes), 'Rho-R2-ContCont-JOBS.pdf' (32588 bytes), 'Rho-R2-JobsBinOutcome.pdf' (56341 bytes), 'mediation-chart-new.jpg' (133437 bytes), 'mediation-chart.jpg' (60177 bytes), 'mediation-old.Rnw' (80173 bytes), 'mediation-old.bib' (4639 bytes), 'mediation-old.tex' (81749 bytes), 'mediation.Rnw' (95859 bytes), 'mediationR2.bib' (8019 bytes), 'natbib.bst' (24935 bytes), 'plot-mediate-int.pdf' (3313 bytes), 'plot-mediate.pdf' (3083 bytes), 'v59i05.bib' (8975 bytes)
--- failed re-building 'mediation-old.Rnw'
--- re-building 'mediation.Rnw' using Sweave
Loading required package: MASS
Loading required package: Matrix
Loading required package: mvtnorm
Loading required package: sandwich
mediation: Causal Mediation Analysis
Version: 4.5.0
Running nonparametric bootstrap
Warning in rho^2 * (1 - r.sq.m) * (1 - r.sq.y) :
Recycling array of length 1 in vector-array arithmetic is deprecated.
Use c() or as.vector() instead.
Warning in err.cr.d^2 * (1 - r.sq.m) * (1 - r.sq.y) :
Recycling array of length 1 in vector-array arithmetic is deprecated.
Use c() or as.vector() instead.
Warning in (1 - x$r.square.y) * seq(0, 1 - x$rho.by, 0.01) :
Recycling array of length 1 in array-vector arithmetic is deprecated.
Use c() or as.vector() instead.
Warning in checkConv(attr(opt, "derivs"), opt$par, ctrl = control$checkConv, :
Model failed to converge with max|grad| = 0.00391538 (tol = 0.002, component 1)
Warning in checkConv(attr(opt, "derivs"), opt$par, ctrl = control$checkConv, :
Model failed to converge with max|grad| = 0.00958186 (tol = 0.002, component 1)
Warning in formula.character(c("~", paste(labs.y.a, collapse = "+"))) :
Using formula(x) is deprecated when x is a character vector of length > 1.
Consider formula(paste(x, collapse = " ")) instead.
Warning in formula.character(c("~", paste(labs.y.b, collapse = "+"))) :
Using formula(x) is deprecated when x is a character vector of length > 1.
Consider formula(paste(x, collapse = " ")) instead.
Warning in formula.character(c("~", paste(labs.y.a, collapse = "+"))) :
Using formula(x) is deprecated when x is a character vector of length > 1.
Consider formula(paste(x, collapse = " ")) instead.
Warning in formula.character(c("~", paste(labs.y.b, collapse = "+"))) :
Using formula(x) is deprecated when x is a character vector of length > 1.
Consider formula(paste(x, collapse = " ")) instead.
Warning in formula.character(c("~", paste(labs.y.a, collapse = "+"))) :
Using formula(x) is deprecated when x is a character vector of length > 1.
Consider formula(paste(x, collapse = " ")) instead.
Warning in formula.character(c("~", paste(labs.y.b, collapse = "+"))) :
Using formula(x) is deprecated when x is a character vector of length > 1.
Consider formula(paste(x, collapse = " ")) instead.
Warning in formula.character(c("~", paste(labs.y.a, collapse = "+"))) :
Using formula(x) is deprecated when x is a character vector of length > 1.
Consider formula(paste(x, collapse = " ")) instead.
Warning in formula.character(c("~", paste(labs.y.b, collapse = "+"))) :
Using formula(x) is deprecated when x is a character vector of length > 1.
Consider formula(paste(x, collapse = " ")) instead.
Warning in formula.character(c("~", paste(labs.y.a, collapse = "+"))) :
Using formula(x) is deprecated when x is a character vector of length > 1.
Consider formula(paste(x, collapse = " ")) instead.
Warning in formula.character(c("~", paste(labs.y.b, collapse = "+"))) :
Using formula(x) is deprecated when x is a character vector of length > 1.
Consider formula(paste(x, collapse = " ")) instead.
Warning in formula.character(c("~", paste(labs.y.a, collapse = "+"))) :
Using formula(x) is deprecated when x is a character vector of length > 1.
Consider formula(paste(x, collapse = " ")) instead.
Warning in formula.character(c("~", paste(labs.y.b, collapse = "+"))) :
Using formula(x) is deprecated when x is a character vector of length > 1.
Consider formula(paste(x, collapse = " ")) instead.
Warning in formula.character(c("~", paste(labs.y.a, collapse = "+"))) :
Using formula(x) is deprecated when x is a character vector of length > 1.
Consider formula(paste(x, collapse = " ")) instead.
Warning in formula.character(c("~", paste(labs.y.b, collapse = "+"))) :
Using formula(x) is deprecated when x is a character vector of length > 1.
Consider formula(paste(x, collapse = " ")) instead.
Warning in formula.character(c("~", paste(labs.y.a, collapse = "+"))) :
Using formula(x) is deprecated when x is a character vector of length > 1.
Consider formula(paste(x, collapse = " ")) instead.
Warning in formula.character(c("~", paste(labs.y.b, collapse = "+"))) :
Using formula(x) is deprecated when x is a character vector of length > 1.
Consider formula(paste(x, collapse = " ")) instead.
Warning in formula.character(c("~", paste(labs.y.a, collapse = "+"))) :
Using formula(x) is deprecated when x is a character vector of length > 1.
Consider formula(paste(x, collapse = " ")) instead.
Warning in formula.character(c("~", paste(labs.y.b, collapse = "+"))) :
Using formula(x) is deprecated when x is a character vector of length > 1.
Consider formula(paste(x, collapse = " ")) instead.
Warning in formula.character(c("~", paste(labs.y.a, collapse = "+"))) :
Using formula(x) is deprecated when x is a character vector of length > 1.
Consider formula(paste(x, collapse = " ")) instead.
Warning in formula.character(c("~", paste(labs.y.b, collapse = "+"))) :
Using formula(x) is deprecated when x is a character vector of length > 1.
Consider formula(paste(x, collapse = " ")) instead.
Warning in formula.character(c("~", paste(labs.y.a, collapse = "+"))) :
Using formula(x) is deprecated when x is a character vector of length > 1.
Consider formula(paste(x, collapse = " ")) instead.
Warning in formula.character(c("~", paste(labs.y.b, collapse = "+"))) :
Using formula(x) is deprecated when x is a character vector of length > 1.
Consider formula(paste(x, collapse = " ")) instead.
Warning in formula.character(c("~", paste(labs.y.a, collapse = "+"))) :
Using formula(x) is deprecated when x is a character vector of length > 1.
Consider formula(paste(x, collapse = " ")) instead.
Warning in formula.character(c("~", paste(labs.y.b, collapse = "+"))) :
Using formula(x) is deprecated when x is a character vector of length > 1.
Consider formula(paste(x, collapse = " ")) instead.
Warning in formula.character(c("~", paste(labs.y.a, collapse = "+"))) :
Using formula(x) is deprecated when x is a character vector of length > 1.
Consider formula(paste(x, collapse = " ")) instead.
Warning in formula.character(c("~", paste(labs.y.b, collapse = "+"))) :
Using formula(x) is deprecated when x is a character vector of length > 1.
Consider formula(paste(x, collapse = " ")) instead.
Warning in formula.character(c("~", paste(labs.y.a, collapse = "+"))) :
Using formula(x) is deprecated when x is a character vector of length > 1.
Consider formula(paste(x, collapse = " ")) instead.
Warning in formula.character(c("~", paste(labs.y.b, collapse = "+"))) :
Using formula(x) is deprecated when x is a character vector of length > 1.
Consider formula(paste(x, collapse = " ")) instead.
Warning in formula.character(c("~", paste(labs.y.a, collapse = "+"))) :
Using formula(x) is deprecated when x is a character vector of length > 1.
Consider formula(paste(x, collapse = " ")) instead.
Warning in formula.character(c("~", paste(labs.y.b, collapse = "+"))) :
Using formula(x) is deprecated when x is a character vector of length > 1.
Consider formula(paste(x, collapse = " ")) instead.
Warning in formula.character(c("~", paste(labs.y.a, collapse = "+"))) :
Using formula(x) is deprecated when x is a character vector of length > 1.
Consider formula(paste(x, collapse = " ")) instead.
Warning in formula.character(c("~", paste(labs.y.b, collapse = "+"))) :
Using formula(x) is deprecated when x is a character vector of length > 1.
Consider formula(paste(x, collapse = " ")) instead.
Warning in formula.character(c("~", paste(labs.y.a, collapse = "+"))) :
Using formula(x) is deprecated when x is a character vector of length > 1.
Consider formula(paste(x, collapse = " ")) instead.
Warning in formula.character(c("~", paste(labs.y.b, collapse = "+"))) :
Using formula(x) is deprecated when x is a character vector of length > 1.
Consider formula(paste(x, collapse = " ")) instead.
Warning in formula.character(c("~", paste(labs.y.a, collapse = "+"))) :
Using formula(x) is deprecated when x is a character vector of length > 1.
Consider formula(paste(x, collapse = " ")) instead.
Warning in formula.character(c("~", paste(labs.y.b, collapse = "+"))) :
Using formula(x) is deprecated when x is a character vector of length > 1.
Consider formula(paste(x, collapse = " ")) instead.
Warning in formula.character(c("~", paste(labs.y.a, collapse = "+"))) :
Using formula(x) is deprecated when x is a character vector of length > 1.
Consider formula(paste(x, collapse = " ")) instead.
Warning in formula.character(c("~", paste(labs.y.b, collapse = "+"))) :
Using formula(x) is deprecated when x is a character vector of length > 1.
Consider formula(paste(x, collapse = " ")) instead.
Warning in formula.character(c("~", paste(labs.y.a, collapse = "+"))) :
Using formula(x) is deprecated when x is a character vector of length > 1.
Consider formula(paste(x, collapse = " ")) instead.
Warning in formula.character(c("~", paste(labs.y.b, collapse = "+"))) :
Using formula(x) is deprecated when x is a character vector of length > 1.
Consider formula(paste(x, collapse = " ")) instead.
Warning in formula.character(c("~", paste(labs.y.a, collapse = "+"))) :
Using formula(x) is deprecated when x is a character vector of length > 1.
Consider formula(paste(x, collapse = " ")) instead.
Warning in formula.character(c("~", paste(labs.y.b, collapse = "+"))) :
Using formula(x) is deprecated when x is a character vector of length > 1.
Consider formula(paste(x, collapse = " ")) instead.
Warning in formula.character(c("~", paste(labs.y.a, collapse = "+"))) :
Using formula(x) is deprecated when x is a character vector of length > 1.
Consider formula(paste(x, collapse = " ")) instead.
Warning in formula.character(c("~", paste(labs.y.b, collapse = "+"))) :
Using formula(x) is deprecated when x is a character vector of length > 1.
Consider formula(paste(x, collapse = " ")) instead.
Warning in formula.character(c("~", paste(labs.y.a, collapse = "+"))) :
Using formula(x) is deprecated when x is a character vector of length > 1.
Consider formula(paste(x, collapse = " ")) instead.
Warning in formula.character(c("~", paste(labs.y.b, collapse = "+"))) :
Using formula(x) is deprecated when x is a character vector of length > 1.
Consider formula(paste(x, collapse = " ")) instead.
Warning in formula.character(c("~", paste(labs.y.a, collapse = "+"))) :
Using formula(x) is deprecated when x is a character vector of length > 1.
Consider formula(paste(x, collapse = " ")) instead.
Warning in formula.character(c("~", paste(labs.y.b, collapse = "+"))) :
Using formula(x) is deprecated when x is a character vector of length > 1.
Consider formula(paste(x, collapse = " ")) instead.
Warning in formula.character(c("~", paste(labs.y.a, collapse = "+"))) :
Using formula(x) is deprecated when x is a character vector of length > 1.
Consider formula(paste(x, collapse = " ")) instead.
Warning in formula.character(c("~", paste(labs.y.b, collapse = "+"))) :
Using formula(x) is deprecated when x is a character vector of length > 1.
Consider formula(paste(x, collapse = " ")) instead.
Warning in formula.character(c("~", paste(labs.y.a, collapse = "+"))) :
Using formula(x) is deprecated when x is a character vector of length > 1.
Consider formula(paste(x, collapse = " ")) instead.
Warning in formula.character(c("~", paste(labs.y.b, collapse = "+"))) :
Using formula(x) is deprecated when x is a character vector of length > 1.
Consider formula(paste(x, collapse = " ")) instead.
Warning in formula.character(c("~", paste(labs.y.a, collapse = "+"))) :
Using formula(x) is deprecated when x is a character vector of length > 1.
Consider formula(paste(x, collapse = " ")) instead.
Warning in formula.character(c("~", paste(labs.y.b, collapse = "+"))) :
Using formula(x) is deprecated when x is a character vector of length > 1.
Consider formula(paste(x, collapse = " ")) instead.
Warning in formula.character(c("~", paste(labs.y.a, collapse = "+"))) :
Using formula(x) is deprecated when x is a character vector of length > 1.
Consider formula(paste(x, collapse = " ")) instead.
Warning in formula.character(c("~", paste(labs.y.b, collapse = "+"))) :
Using formula(x) is deprecated when x is a character vector of length > 1.
Consider formula(paste(x, collapse = " ")) instead.
Warning in formula.character(c("~", paste(labs.y.a, collapse = "+"))) :
Using formula(x) is deprecated when x is a character vector of length > 1.
Consider formula(paste(x, collapse = " ")) instead.
Warning in formula.character(c("~", paste(labs.y.b, collapse = "+"))) :
Using formula(x) is deprecated when x is a character vector of length > 1.
Consider formula(paste(x, collapse = " ")) instead.
Warning in formula.character(c("~", paste(labs.y.a, collapse = "+"))) :
Using formula(x) is deprecated when x is a character vector of length > 1.
Consider formula(paste(x, collapse = " ")) instead.
Warning in formula.character(c("~", paste(labs.y.b, collapse = "+"))) :
Using formula(x) is deprecated when x is a character vector of length > 1.
Consider formula(paste(x, collapse = " ")) instead.
Warning in formula.character(c("~", paste(labs.y.a, collapse = "+"))) :
Using formula(x) is deprecated when x is a character vector of length > 1.
Consider formula(paste(x, collapse = " ")) instead.
Warning in formula.character(c("~", paste(labs.y.b, collapse = "+"))) :
Using formula(x) is deprecated when x is a character vector of length > 1.
Consider formula(paste(x, collapse = " ")) instead.
Warning in formula.character(c("~", paste(labs.y.a, collapse = "+"))) :
Using formula(x) is deprecated when x is a character vector of length > 1.
Consider formula(paste(x, collapse = " ")) instead.
Warning in formula.character(c("~", paste(labs.y.b, collapse = "+"))) :
Using formula(x) is deprecated when x is a character vector of length > 1.
Consider formula(paste(x, collapse = " ")) instead.
Warning in formula.character(c("~", paste(labs.y.a, collapse = "+"))) :
Using formula(x) is deprecated when x is a character vector of length > 1.
Consider formula(paste(x, collapse = " ")) instead.
Warning in formula.character(c("~", paste(labs.y.b, collapse = "+"))) :
Using formula(x) is deprecated when x is a character vector of length > 1.
Consider formula(paste(x, collapse = " ")) instead.
Warning in formula.character(c("~", paste(labs.y.a, collapse = "+"))) :
Using formula(x) is deprecated when x is a character vector of length > 1.
Consider formula(paste(x, collapse = " ")) instead.
Warning in formula.character(c("~", paste(labs.y.b, collapse = "+"))) :
Using formula(x) is deprecated when x is a character vector of length > 1.
Consider formula(paste(x, collapse = " ")) instead.
Warning in formula.character(c("~", paste(labs.y.a, collapse = "+"))) :
Using formula(x) is deprecated when x is a character vector of length > 1.
Consider formula(paste(x, collapse = " ")) instead.
Warning in formula.character(c("~", paste(labs.y.b, collapse = "+"))) :
Using formula(x) is deprecated when x is a character vector of length > 1.
Consider formula(paste(x, collapse = " ")) instead.
Warning in formula.character(c("~", paste(labs.y.a, collapse = "+"))) :
Using formula(x) is deprecated when x is a character vector of length > 1.
Consider formula(paste(x, collapse = " ")) instead.
Warning in formula.character(c("~", paste(labs.y.b, collapse = "+"))) :
Using formula(x) is deprecated when x is a character vector of length > 1.
Consider formula(paste(x, collapse = " ")) instead.
Warning in formula.character(c("~", paste(labs.y.a, collapse = "+"))) :
Using formula(x) is deprecated when x is a character vector of length > 1.
Consider formula(paste(x, collapse = " ")) instead.
Warning in formula.character(c("~", paste(labs.y.b, collapse = "+"))) :
Using formula(x) is deprecated when x is a character vector of length > 1.
Consider formula(paste(x, collapse = " ")) instead.
Warning in formula.character(c("~", paste(labs.y.a, collapse = "+"))) :
Using formula(x) is deprecated when x is a character vector of length > 1.
Consider formula(paste(x, collapse = " ")) instead.
Warning in formula.character(c("~", paste(labs.y.b, collapse = "+"))) :
Using formula(x) is deprecated when x is a character vector of length > 1.
Consider formula(paste(x, collapse = " ")) instead.
Warning in formula.character(c("~", paste(labs.y.a, collapse = "+"))) :
Using formula(x) is deprecated when x is a character vector of length > 1.
Consider formula(paste(x, collapse = " ")) instead.
Warning in formula.character(c("~", paste(labs.y.b, collapse = "+"))) :
Using formula(x) is deprecated when x is a character vector of length > 1.
Consider formula(paste(x, collapse = " ")) instead.
Warning in formula.character(c("~", paste(labs.y.a, collapse = "+"))) :
Using formula(x) is deprecated when x is a character vector of length > 1.
Consider formula(paste(x, collapse = " ")) instead.
Warning in formula.character(c("~", paste(labs.y.b, collapse = "+"))) :
Using formula(x) is deprecated when x is a character vector of length > 1.
Consider formula(paste(x, collapse = " ")) instead.
Warning in formula.character(c("~", paste(labs.y.a, collapse = "+"))) :
Using formula(x) is deprecated when x is a character vector of length > 1.
Consider formula(paste(x, collapse = " ")) instead.
Warning in formula.character(c("~", paste(labs.y.b, collapse = "+"))) :
Using formula(x) is deprecated when x is a character vector of length > 1.
Consider formula(paste(x, collapse = " ")) instead.
Warning in formula.character(c("~", paste(labs.y.a, collapse = "+"))) :
Using formula(x) is deprecated when x is a character vector of length > 1.
Consider formula(paste(x, collapse = " ")) instead.
Warning in formula.character(c("~", paste(labs.y.b, collapse = "+"))) :
Using formula(x) is deprecated when x is a character vector of length > 1.
Consider formula(paste(x, collapse = " ")) instead.
Warning in formula.character(c("~", paste(labs.y.a, collapse = "+"))) :
Using formula(x) is deprecated when x is a character vector of length > 1.
Consider formula(paste(x, collapse = " ")) instead.
Warning in formula.character(c("~", paste(labs.y.b, collapse = "+"))) :
Using formula(x) is deprecated when x is a character vector of length > 1.
Consider formula(paste(x, collapse = " ")) instead.
Warning in formula.character(c("~", paste(labs.y.a, collapse = "+"))) :
Using formula(x) is deprecated when x is a character vector of length > 1.
Consider formula(paste(x, collapse = " ")) instead.
Warning in formula.character(c("~", paste(labs.y.b, collapse = "+"))) :
Using formula(x) is deprecated when x is a character vector of length > 1.
Consider formula(paste(x, collapse = " ")) instead.
Warning in formula.character(c("~", paste(labs.y.a, collapse = "+"))) :
Using formula(x) is deprecated when x is a character vector of length > 1.
Consider formula(paste(x, collapse = " ")) instead.
Warning in formula.character(c("~", paste(labs.y.b, collapse = "+"))) :
Using formula(x) is deprecated when x is a character vector of length > 1.
Consider formula(paste(x, collapse = " ")) instead.
Warning in formula.character(c("~", paste(labs.y.a, collapse = "+"))) :
Using formula(x) is deprecated when x is a character vector of length > 1.
Consider formula(paste(x, collapse = " ")) instead.
Warning in formula.character(c("~", paste(labs.y.b, collapse = "+"))) :
Using formula(x) is deprecated when x is a character vector of length > 1.
Consider formula(paste(x, collapse = " ")) instead.
Warning in formula.character(c("~", paste(labs.y.a, collapse = "+"))) :
Using formula(x) is deprecated when x is a character vector of length > 1.
Consider formula(paste(x, collapse = " ")) instead.
Warning in formula.character(c("~", paste(labs.y.b, collapse = "+"))) :
Using formula(x) is deprecated when x is a character vector of length > 1.
Consider formula(paste(x, collapse = " ")) instead.
Warning in formula.character(c("~", paste(labs.y.a, collapse = "+"))) :
Using formula(x) is deprecated when x is a character vector of length > 1.
Consider formula(paste(x, collapse = " ")) instead.
Warning in formula.character(c("~", paste(labs.y.b, collapse = "+"))) :
Using formula(x) is deprecated when x is a character vector of length > 1.
Consider formula(paste(x, collapse = " ")) instead.
Warning in formula.character(c("~", paste(labs.y.a, collapse = "+"))) :
Using formula(x) is deprecated when x is a character vector of length > 1.
Consider formula(paste(x, collapse = " ")) instead.
Warning in formula.character(c("~", paste(labs.y.b, collapse = "+"))) :
Using formula(x) is deprecated when x is a character vector of length > 1.
Consider formula(paste(x, collapse = " ")) instead.
Warning in formula.character(c("~", paste(labs.y.a, collapse = "+"))) :
Using formula(x) is deprecated when x is a character vector of length > 1.
Consider formula(paste(x, collapse = " ")) instead.
Warning in formula.character(c("~", paste(labs.y.b, collapse = "+"))) :
Using formula(x) is deprecated when x is a character vector of length > 1.
Consider formula(paste(x, collapse = " ")) instead.
Warning in formula.character(c("~", paste(labs.y.a, collapse = "+"))) :
Using formula(x) is deprecated when x is a character vector of length > 1.
Consider formula(paste(x, collapse = " ")) instead.
Warning in formula.character(c("~", paste(labs.y.b, collapse = "+"))) :
Using formula(x) is deprecated when x is a character vector of length > 1.
Consider formula(paste(x, collapse = " ")) instead.
Warning in formula.character(c("~", paste(labs.y.a, collapse = "+"))) :
Using formula(x) is deprecated when x is a character vector of length > 1.
Consider formula(paste(x, collapse = " ")) instead.
Warning in formula.character(c("~", paste(labs.y.b, collapse = "+"))) :
Using formula(x) is deprecated when x is a character vector of length > 1.
Consider formula(paste(x, collapse = " ")) instead.
Warning in formula.character(c("~", paste(labs.y.a, collapse = "+"))) :
Using formula(x) is deprecated when x is a character vector of length > 1.
Consider formula(paste(x, collapse = " ")) instead.
Warning in formula.character(c("~", paste(labs.y.b, collapse = "+"))) :
Using formula(x) is deprecated when x is a character vector of length > 1.
Consider formula(paste(x, collapse = " ")) instead.
Warning in formula.character(c("~", paste(labs.y.a, collapse = "+"))) :
Using formula(x) is deprecated when x is a character vector of length > 1.
Consider formula(paste(x, collapse = " ")) instead.
Warning in formula.character(c("~", paste(labs.y.b, collapse = "+"))) :
Using formula(x) is deprecated when x is a character vector of length > 1.
Consider formula(paste(x, collapse = " ")) instead.
Warning in formula.character(c("~", paste(labs.y.a, collapse = "+"))) :
Using formula(x) is deprecated when x is a character vector of length > 1.
Consider formula(paste(x, collapse = " ")) instead.
Warning in formula.character(c("~", paste(labs.y.b, collapse = "+"))) :
Using formula(x) is deprecated when x is a character vector of length > 1.
Consider formula(paste(x, collapse = " ")) instead.
Warning in formula.character(c("~", paste(labs.y.a, collapse = "+"))) :
Using formula(x) is deprecated when x is a character vector of length > 1.
Consider formula(paste(x, collapse = " ")) instead.
Warning in formula.character(c("~", paste(labs.y.b, collapse = "+"))) :
Using formula(x) is deprecated when x is a character vector of length > 1.
Consider formula(paste(x, collapse = " ")) instead.
Warning in formula.character(c("~", paste(labs.y.a, collapse = "+"))) :
Using formula(x) is deprecated when x is a character vector of length > 1.
Consider formula(paste(x, collapse = " ")) instead.
Warning in formula.character(c("~", paste(labs.y.b, collapse = "+"))) :
Using formula(x) is deprecated when x is a character vector of length > 1.
Consider formula(paste(x, collapse = " ")) instead.
Warning in formula.character(c("~", paste(labs.y.a, collapse = "+"))) :
Using formula(x) is deprecated when x is a character vector of length > 1.
Consider formula(paste(x, collapse = " ")) instead.
Warning in formula.character(c("~", paste(labs.y.b, collapse = "+"))) :
Using formula(x) is deprecated when x is a character vector of length > 1.
Consider formula(paste(x, collapse = " ")) instead.
Warning in formula.character(c("~", paste(labs.y.a, collapse = "+"))) :
Using formula(x) is deprecated when x is a character vector of length > 1.
Consider formula(paste(x, collapse = " ")) instead.
Warning in formula.character(c("~", paste(labs.y.b, collapse = "+"))) :
Using formula(x) is deprecated when x is a character vector of length > 1.
Consider formula(paste(x, collapse = " ")) instead.
Warning in formula.character(c("~", paste(labs.y.a, collapse = "+"))) :
Using formula(x) is deprecated when x is a character vector of length > 1.
Consider formula(paste(x, collapse = " ")) instead.
Warning in formula.character(c("~", paste(labs.y.b, collapse = "+"))) :
Using formula(x) is deprecated when x is a character vector of length > 1.
Consider formula(paste(x, collapse = " ")) instead.
Warning in formula.character(c("~", paste(labs.y.a, collapse = "+"))) :
Using formula(x) is deprecated when x is a character vector of length > 1.
Consider formula(paste(x, collapse = " ")) instead.
Warning in formula.character(c("~", paste(labs.y.b, collapse = "+"))) :
Using formula(x) is deprecated when x is a character vector of length > 1.
Consider formula(paste(x, collapse = " ")) instead.
Warning in formula.character(c("~", paste(labs.y.a, collapse = "+"))) :
Using formula(x) is deprecated when x is a character vector of length > 1.
Consider formula(paste(x, collapse = " ")) instead.
Warning in formula.character(c("~", paste(labs.y.b, collapse = "+"))) :
Using formula(x) is deprecated when x is a character vector of length > 1.
Consider formula(paste(x, collapse = " ")) instead.
Warning in formula.character(c("~", paste(labs.y.a, collapse = "+"))) :
Using formula(x) is deprecated when x is a character vector of length > 1.
Consider formula(paste(x, collapse = " ")) instead.
Warning in formula.character(c("~", paste(labs.y.b, collapse = "+"))) :
Using formula(x) is deprecated when x is a character vector of length > 1.
Consider formula(paste(x, collapse = " ")) instead.
Warning in formula.character(c("~", paste(labs.y.a, collapse = "+"))) :
Using formula(x) is deprecated when x is a character vector of length > 1.
Consider formula(paste(x, collapse = " ")) instead.
Warning in formula.character(c("~", paste(labs.y.b, collapse = "+"))) :
Using formula(x) is deprecated when x is a character vector of length > 1.
Consider formula(paste(x, collapse = " ")) instead.
Warning in formula.character(c("~", paste(labs.y.a, collapse = "+"))) :
Using formula(x) is deprecated when x is a character vector of length > 1.
Consider formula(paste(x, collapse = " ")) instead.
Warning in formula.character(c("~", paste(labs.y.b, collapse = "+"))) :
Using formula(x) is deprecated when x is a character vector of length > 1.
Consider formula(paste(x, collapse = " ")) instead.
Warning in formula.character(c("~", paste(labs.y.a, collapse = "+"))) :
Using formula(x) is deprecated when x is a character vector of length > 1.
Consider formula(paste(x, collapse = " ")) instead.
Warning in formula.character(c("~", paste(labs.y.b, collapse = "+"))) :
Using formula(x) is deprecated when x is a character vector of length > 1.
Consider formula(paste(x, collapse = " ")) instead.
Warning in formula.character(c("~", paste(labs.y.a, collapse = "+"))) :
Using formula(x) is deprecated when x is a character vector of length > 1.
Consider formula(paste(x, collapse = " ")) instead.
Warning in formula.character(c("~", paste(labs.y.b, collapse = "+"))) :
Using formula(x) is deprecated when x is a character vector of length > 1.
Consider formula(paste(x, collapse = " ")) instead.
Warning in formula.character(c("~", paste(labs.y.a, collapse = "+"))) :
Using formula(x) is deprecated when x is a character vector of length > 1.
Consider formula(paste(x, collapse = " ")) instead.
Warning in formula.character(c("~", paste(labs.y.b, collapse = "+"))) :
Using formula(x) is deprecated when x is a character vector of length > 1.
Consider formula(paste(x, collapse = " ")) instead.
Warning in formula.character(c("~", paste(labs.y.a, collapse = "+"))) :
Using formula(x) is deprecated when x is a character vector of length > 1.
Consider formula(paste(x, collapse = " ")) instead.
Warning in formula.character(c("~", paste(labs.y.b, collapse = "+"))) :
Using formula(x) is deprecated when x is a character vector of length > 1.
Consider formula(paste(x, collapse = " ")) instead.
Warning in formula.character(c("~", paste(labs.y.a, collapse = "+"))) :
Using formula(x) is deprecated when x is a character vector of length > 1.
Consider formula(paste(x, collapse = " ")) instead.
Warning in formula.character(c("~", paste(labs.y.b, collapse = "+"))) :
Using formula(x) is deprecated when x is a character vector of length > 1.
Consider formula(paste(x, collapse = " ")) instead.
Warning in formula.character(c("~", paste(labs.y.a, collapse = "+"))) :
Using formula(x) is deprecated when x is a character vector of length > 1.
Consider formula(paste(x, collapse = " ")) instead.
Warning in formula.character(c("~", paste(labs.y.b, collapse = "+"))) :
Using formula(x) is deprecated when x is a character vector of length > 1.
Consider formula(paste(x, collapse = " ")) instead.
Warning in formula.character(c("~", paste(labs.y.a, collapse = "+"))) :
Using formula(x) is deprecated when x is a character vector of length > 1.
Consider formula(paste(x, collapse = " ")) instead.
Warning in formula.character(c("~", paste(labs.y.b, collapse = "+"))) :
Using formula(x) is deprecated when x is a character vector of length > 1.
Consider formula(paste(x, collapse = " ")) instead.
Warning in formula.character(c("~", paste(labs.y.a, collapse = "+"))) :
Using formula(x) is deprecated when x is a character vector of length > 1.
Consider formula(paste(x, collapse = " ")) instead.
Warning in formula.character(c("~", paste(labs.y.b, collapse = "+"))) :
Using formula(x) is deprecated when x is a character vector of length > 1.
Consider formula(paste(x, collapse = " ")) instead.
Warning in formula.character(c("~", paste(labs.y.a, collapse = "+"))) :
Using formula(x) is deprecated when x is a character vector of length > 1.
Consider formula(paste(x, collapse = " ")) instead.
Warning in formula.character(c("~", paste(labs.y.b, collapse = "+"))) :
Using formula(x) is deprecated when x is a character vector of length > 1.
Consider formula(paste(x, collapse = " ")) instead.
Warning in formula.character(c("~", paste(labs.y.a, collapse = "+"))) :
Using formula(x) is deprecated when x is a character vector of length > 1.
Consider formula(paste(x, collapse = " ")) instead.
Warning in formula.character(c("~", paste(labs.y.b, collapse = "+"))) :
Using formula(x) is deprecated when x is a character vector of length > 1.
Consider formula(paste(x, collapse = " ")) instead.
Warning in formula.character(c("~", paste(labs.y.a, collapse = "+"))) :
Using formula(x) is deprecated when x is a character vector of length > 1.
Consider formula(paste(x, collapse = " ")) instead.
Warning in formula.character(c("~", paste(labs.y.b, collapse = "+"))) :
Using formula(x) is deprecated when x is a character vector of length > 1.
Consider formula(paste(x, collapse = " ")) instead.
Warning in formula.character(c("~", paste(labs.y.a, collapse = "+"))) :
Using formula(x) is deprecated when x is a character vector of length > 1.
Consider formula(paste(x, collapse = " ")) instead.
Warning in formula.character(c("~", paste(labs.y.b, collapse = "+"))) :
Using formula(x) is deprecated when x is a character vector of length > 1.
Consider formula(paste(x, collapse = " ")) instead.
Warning in formula.character(c("~", paste(labs.y.a, collapse = "+"))) :
Using formula(x) is deprecated when x is a character vector of length > 1.
Consider formula(paste(x, collapse = " ")) instead.
Warning in formula.character(c("~", paste(labs.y.b, collapse = "+"))) :
Using formula(x) is deprecated when x is a character vector of length > 1.
Consider formula(paste(x, collapse = " ")) instead.
Warning in formula.character(c("~", paste(labs.y.a, collapse = "+"))) :
Using formula(x) is deprecated when x is a character vector of length > 1.
Consider formula(paste(x, collapse = " ")) instead.
Warning in formula.character(c("~", paste(labs.y.b, collapse = "+"))) :
Using formula(x) is deprecated when x is a character vector of length > 1.
Consider formula(paste(x, collapse = " ")) instead.
Warning in formula.character(c("~", paste(labs.y.a, collapse = "+"))) :
Using formula(x) is deprecated when x is a character vector of length > 1.
Consider formula(paste(x, collapse = " ")) instead.
Warning in formula.character(c("~", paste(labs.y.b, collapse = "+"))) :
Using formula(x) is deprecated when x is a character vector of length > 1.
Consider formula(paste(x, collapse = " ")) instead.
Warning in formula.character(c("~", paste(labs.y.a, collapse = "+"))) :
Using formula(x) is deprecated when x is a character vector of length > 1.
Consider formula(paste(x, collapse = " ")) instead.
Warning in formula.character(c("~", paste(labs.y.b, collapse = "+"))) :
Using formula(x) is deprecated when x is a character vector of length > 1.
Consider formula(paste(x, collapse = " ")) instead.
Warning in formula.character(c("~", paste(labs.y.a, collapse = "+"))) :
Using formula(x) is deprecated when x is a character vector of length > 1.
Consider formula(paste(x, collapse = " ")) instead.
Warning in formula.character(c("~", paste(labs.y.b, collapse = "+"))) :
Using formula(x) is deprecated when x is a character vector of length > 1.
Consider formula(paste(x, collapse = " ")) instead.
Warning in formula.character(c("~", paste(labs.y.a, collapse = "+"))) :
Using formula(x) is deprecated when x is a character vector of length > 1.
Consider formula(paste(x, collapse = " ")) instead.
Warning in formula.character(c("~", paste(labs.y.b, collapse = "+"))) :
Using formula(x) is deprecated when x is a character vector of length > 1.
Consider formula(paste(x, collapse = " ")) instead.
Warning in formula.character(c("~", paste(labs.y.a, collapse = "+"))) :
Using formula(x) is deprecated when x is a character vector of length > 1.
Consider formula(paste(x, collapse = " ")) instead.
Warning in formula.character(c("~", paste(labs.y.b, collapse = "+"))) :
Using formula(x) is deprecated when x is a character vector of length > 1.
Consider formula(paste(x, collapse = " ")) instead.
Warning in formula.character(c("~", paste(labs.y.a, collapse = "+"))) :
Using formula(x) is deprecated when x is a character vector of length > 1.
Consider formula(paste(x, collapse = " ")) instead.
Warning in formula.character(c("~", paste(labs.y.b, collapse = "+"))) :
Using formula(x) is deprecated when x is a character vector of length > 1.
Consider formula(paste(x, collapse = " ")) instead.
Warning in formula.character(c("~", paste(labs.y.a, collapse = "+"))) :
Using formula(x) is deprecated when x is a character vector of length > 1.
Consider formula(paste(x, collapse = " ")) instead.
Warning in formula.character(c("~", paste(labs.y.b, collapse = "+"))) :
Using formula(x) is deprecated when x is a character vector of length > 1.
Consider formula(paste(x, collapse = " ")) instead.
Warning in formula.character(c("~", paste(labs.y.a, collapse = "+"))) :
Using formula(x) is deprecated when x is a character vector of length > 1.
Consider formula(paste(x, collapse = " ")) instead.
Warning in formula.character(c("~", paste(labs.y.b, collapse = "+"))) :
Using formula(x) is deprecated when x is a character vector of length > 1.
Consider formula(paste(x, collapse = " ")) instead.
Warning in formula.character(c("~", paste(labs.y.a, collapse = "+"))) :
Using formula(x) is deprecated when x is a character vector of length > 1.
Consider formula(paste(x, collapse = " ")) instead.
Warning in formula.character(c("~", paste(labs.y.b, collapse = "+"))) :
Using formula(x) is deprecated when x is a character vector of length > 1.
Consider formula(paste(x, collapse = " ")) instead.
Warning in formula.character(c("~", paste(labs.y.a, collapse = "+"))) :
Using formula(x) is deprecated when x is a character vector of length > 1.
Consider formula(paste(x, collapse = " ")) instead.
Warning in formula.character(c("~", paste(labs.y.b, collapse = "+"))) :
Using formula(x) is deprecated when x is a character vector of length > 1.
Consider formula(paste(x, collapse = " ")) instead.
Warning in formula.character(c("~", paste(labs.y.a, collapse = "+"))) :
Using formula(x) is deprecated when x is a character vector of length > 1.
Consider formula(paste(x, collapse = " ")) instead.
Warning in formula.character(c("~", paste(labs.y.b, collapse = "+"))) :
Using formula(x) is deprecated when x is a character vector of length > 1.
Consider formula(paste(x, collapse = " ")) instead.
Warning in formula.character(c("~", paste(labs.y.a, collapse = "+"))) :
Using formula(x) is deprecated when x is a character vector of length > 1.
Consider formula(paste(x, collapse = " ")) instead.
Warning in formula.character(c("~", paste(labs.y.b, collapse = "+"))) :
Using formula(x) is deprecated when x is a character vector of length > 1.
Consider formula(paste(x, collapse = " ")) instead.
Warning in formula.character(c("~", paste(labs.y.a, collapse = "+"))) :
Using formula(x) is deprecated when x is a character vector of length > 1.
Consider formula(paste(x, collapse = " ")) instead.
Warning in formula.character(c("~", paste(labs.y.b, collapse = "+"))) :
Using formula(x) is deprecated when x is a character vector of length > 1.
Consider formula(paste(x, collapse = " ")) instead.
Warning in formula.character(c("~", paste(labs.y.a, collapse = "+"))) :
Using formula(x) is deprecated when x is a character vector of length > 1.
Consider formula(paste(x, collapse = " ")) instead.
Warning in formula.character(c("~", paste(labs.y.b, collapse = "+"))) :
Using formula(x) is deprecated when x is a character vector of length > 1.
Consider formula(paste(x, collapse = " ")) instead.
Warning in formula.character(c("~", paste(labs.y.a, collapse = "+"))) :
Using formula(x) is deprecated when x is a character vector of length > 1.
Consider formula(paste(x, collapse = " ")) instead.
Warning in formula.character(c("~", paste(labs.y.b, collapse = "+"))) :
Using formula(x) is deprecated when x is a character vector of length > 1.
Consider formula(paste(x, collapse = " ")) instead.
Warning in formula.character(c("~", paste(labs.y.a, collapse = "+"))) :
Using formula(x) is deprecated when x is a character vector of length > 1.
Consider formula(paste(x, collapse = " ")) instead.
Warning in formula.character(c("~", paste(labs.y.b, collapse = "+"))) :
Using formula(x) is deprecated when x is a character vector of length > 1.
Consider formula(paste(x, collapse = " ")) instead.
Warning in formula.character(c("~", paste(labs.y.a, collapse = "+"))) :
Using formula(x) is deprecated when x is a character vector of length > 1.
Consider formula(paste(x, collapse = " ")) instead.
Warning in formula.character(c("~", paste(labs.y.b, collapse = "+"))) :
Using formula(x) is deprecated when x is a character vector of length > 1.
Consider formula(paste(x, collapse = " ")) instead.
Warning in formula.character(c("~", paste(labs.y.a, collapse = "+"))) :
Using formula(x) is deprecated when x is a character vector of length > 1.
Consider formula(paste(x, collapse = " ")) instead.
Warning in formula.character(c("~", paste(labs.y.b, collapse = "+"))) :
Using formula(x) is deprecated when x is a character vector of length > 1.
Consider formula(paste(x, collapse = " ")) instead.
Warning in formula.character(c("~", paste(labs.y.a, collapse = "+"))) :
Using formula(x) is deprecated when x is a character vector of length > 1.
Consider formula(paste(x, collapse = " ")) instead.
Warning in formula.character(c("~", paste(labs.y.b, collapse = "+"))) :
Using formula(x) is deprecated when x is a character vector of length > 1.
Consider formula(paste(x, collapse = " ")) instead.
Warning in formula.character(c("~", paste(labs.y.a, collapse = "+"))) :
Using formula(x) is deprecated when x is a character vector of length > 1.
Consider formula(paste(x, collapse = " ")) instead.
Warning in formula.character(c("~", paste(labs.y.b, collapse = "+"))) :
Using formula(x) is deprecated when x is a character vector of length > 1.
Consider formula(paste(x, collapse = " ")) instead.
Warning in formula.character(c("~", paste(labs.y.a, collapse = "+"))) :
Using formula(x) is deprecated when x is a character vector of length > 1.
Consider formula(paste(x, collapse = " ")) instead.
Warning in formula.character(c("~", paste(labs.y.b, collapse = "+"))) :
Using formula(x) is deprecated when x is a character vector of length > 1.
Consider formula(paste(x, collapse = " ")) instead.
Warning in formula.character(c("~", paste(labs.y.a, collapse = "+"))) :
Using formula(x) is deprecated when x is a character vector of length > 1.
Consider formula(paste(x, collapse = " ")) instead.
Warning in formula.character(c("~", paste(labs.y.b, collapse = "+"))) :
Using formula(x) is deprecated when x is a character vector of length > 1.
Consider formula(paste(x, collapse = " ")) instead.
--- finished re-building 'mediation.Rnw'
SUMMARY: processing the following file failed:
'mediation-old.Rnw'
Error: Vignette re-building failed.
Execution halted
Flavor: r-release-windows-x86_64