CRAN Package Check Results for Package medicalrisk

Last updated on 2025-01-19 05:49:14 CET.

Flavor Version Tinstall Tcheck Ttotal Status Flags
r-devel-linux-x86_64-debian-clang 1.3 4.01 38.42 42.43 NOTE
r-devel-linux-x86_64-debian-gcc 1.3 2.70 28.83 31.53 NOTE
r-devel-linux-x86_64-fedora-clang 1.3 71.74 OK
r-devel-linux-x86_64-fedora-gcc 1.3 99.99 OK
r-devel-windows-x86_64 1.3 6.00 62.00 68.00 NOTE
r-patched-linux-x86_64 1.3 8.46 36.05 44.51 OK
r-release-linux-x86_64 1.3 2.97 36.17 39.14 OK
r-release-macos-arm64 1.3 35.00 OK
r-release-macos-x86_64 1.3 54.00 OK
r-release-windows-x86_64 1.3 6.00 63.00 69.00 OK
r-oldrel-macos-arm64 1.3 38.00 OK
r-oldrel-macos-x86_64 1.3 54.00 OK
r-oldrel-windows-x86_64 1.3 7.00 65.00 72.00 OK

Check Details

Version: 1.3
Check: Rd cross-references
Result: NOTE Found the following Rd file(s) with Rd \link{} targets missing package anchors: generate_comorbidity_df.Rd: ddply melt_icd9list.Rd: ddply Please provide package anchors for all Rd \link{} targets not in the package itself and the base packages. Flavors: r-devel-linux-x86_64-debian-clang, r-devel-linux-x86_64-debian-gcc, r-devel-windows-x86_64