Last updated on 2025-01-19 05:49:14 CET.
Flavor | Version | Tinstall | Tcheck | Ttotal | Status | Flags |
---|---|---|---|---|---|---|
r-devel-linux-x86_64-debian-clang | 1.11.4 | 267.67 | 370.35 | 638.02 | OK | |
r-devel-linux-x86_64-debian-gcc | 1.11.4 | 211.45 | 272.50 | 483.95 | OK | |
r-devel-linux-x86_64-fedora-clang | 1.11.4 | 1141.12 | OK | |||
r-devel-linux-x86_64-fedora-gcc | 1.11.4 | 1272.27 | OK | |||
r-devel-windows-x86_64 | 1.11.4 | 251.00 | 577.00 | 828.00 | OK | |
r-patched-linux-x86_64 | 1.11.4 | 290.65 | 390.22 | 680.87 | OK | |
r-release-linux-x86_64 | 1.11.4 | 293.90 | 389.23 | 683.13 | OK | |
r-release-macos-arm64 | 1.11.4 | 336.00 | NOTE | |||
r-release-macos-x86_64 | 1.11.4 | 387.00 | WARN | |||
r-release-windows-x86_64 | 1.11.4 | 240.00 | 584.00 | 824.00 | OK | |
r-oldrel-macos-arm64 | 1.11.4 | 317.00 | NOTE | |||
r-oldrel-macos-x86_64 | 1.11.4 | 664.00 | NOTE | |||
r-oldrel-windows-x86_64 | 1.11.4 | 294.00 | 643.00 | 937.00 | OK |
Version: 1.11.4
Check: installed package size
Result: NOTE
installed size is 155.5Mb
sub-directories of 1Mb or more:
libs 154.0Mb
Flavors: r-release-macos-arm64, r-release-macos-x86_64, r-oldrel-macos-arm64, r-oldrel-macos-x86_64
Version: 1.11.4
Check: re-building of vignette outputs
Result: WARN
Error(s) in re-building vignettes:
--- re-building ‘model.Rmd’ using rmarkdown
--- finished re-building ‘model.Rmd’
--- re-building ‘performance.Rmd’ using rmarkdown
--- finished re-building ‘performance.Rmd’
--- re-building ‘article.Rnw’ using knitr
Error: processing vignette 'article.Rnw' failed with diagnostics:
Running 'texi2dvi' on 'article.tex' failed.
LaTeX errors:
! Undefined control sequence.
l.914 \hlkwd{library}\hldef
{(}\hlsng{"melt"}\hldef{)}
?
! Emergency stop.
! Emergency stop.
l.914
End of file on the terminal!
! ==> Fatal error occurred, no output PDF file produced!
--- failed re-building ‘article.Rnw’
SUMMARY: processing the following file failed:
‘article.Rnw’
Error: Vignette re-building failed.
Execution halted
Flavor: r-release-macos-x86_64