Last updated on 2025-01-19 05:49:14 CET.
Flavor | Version | Tinstall | Tcheck | Ttotal | Status | Flags |
---|---|---|---|---|---|---|
r-devel-linux-x86_64-debian-clang | 1.0 | 5.27 | 44.33 | 49.60 | OK | |
r-devel-linux-x86_64-debian-gcc | 1.0 | 3.87 | 32.08 | 35.95 | OK | |
r-devel-linux-x86_64-fedora-clang | 1.0 | 82.48 | NOTE | |||
r-devel-linux-x86_64-fedora-gcc | 1.0 | 87.88 | NOTE | |||
r-devel-windows-x86_64 | 1.0 | 6.00 | 100.00 | 106.00 | OK | |
r-patched-linux-x86_64 | 1.0 | 5.69 | 39.72 | 45.41 | OK | |
r-release-linux-x86_64 | 1.0 | 5.08 | 39.68 | 44.76 | OK | |
r-release-macos-arm64 | 1.0 | 32.00 | OK | |||
r-release-macos-x86_64 | 1.0 | 70.00 | OK | |||
r-release-windows-x86_64 | 1.0 | 8.00 | 66.00 | 74.00 | OK | |
r-oldrel-macos-arm64 | 1.0 | 33.00 | OK | |||
r-oldrel-macos-x86_64 | 1.0 | 47.00 | OK | |||
r-oldrel-windows-x86_64 | 1.0 | 9.00 | 68.00 | 77.00 | OK |
Version: 1.0
Check: dependencies in R code
Result: NOTE
Namespace in Imports field not imported from: ‘gt’
All declared Imports should be used.
Flavors: r-devel-linux-x86_64-fedora-clang, r-devel-linux-x86_64-fedora-gcc