Last updated on 2025-01-19 05:49:14 CET.
Flavor | Version | Tinstall | Tcheck | Ttotal | Status | Flags |
---|---|---|---|---|---|---|
r-devel-linux-x86_64-debian-clang | 2.1.1 | 12.97 | 72.17 | 85.14 | OK | |
r-devel-linux-x86_64-debian-gcc | 2.1.1 | 10.40 | 48.84 | 59.24 | OK | |
r-devel-linux-x86_64-fedora-clang | 2.1.1 | 146.45 | OK | |||
r-devel-linux-x86_64-fedora-gcc | 2.1.1 | 133.29 | OK | |||
r-devel-windows-x86_64 | 2.1.1 | 16.00 | 102.00 | 118.00 | OK | |
r-patched-linux-x86_64 | 2.1.1 | 12.89 | 67.25 | 80.14 | NOTE | |
r-release-linux-x86_64 | 2.1.1 | 11.24 | 67.78 | 79.02 | NOTE | |
r-release-macos-arm64 | 2.1.1 | 36.00 | NOTE | |||
r-release-macos-x86_64 | 2.1.1 | 56.00 | NOTE | |||
r-release-windows-x86_64 | 2.1.1 | 16.00 | 88.00 | 104.00 | OK | |
r-oldrel-macos-arm64 | 2.1.1 | 37.00 | NOTE | |||
r-oldrel-macos-x86_64 | 2.1.1 | 57.00 | NOTE | |||
r-oldrel-windows-x86_64 | 2.1.1 | 18.00 | 100.00 | 118.00 | NOTE |
Version: 2.1.1
Check: package dependencies
Result: NOTE
Package suggested but not available for checking: ‘INLA’
Flavors: r-patched-linux-x86_64, r-release-linux-x86_64, r-release-macos-arm64, r-release-macos-x86_64, r-oldrel-macos-arm64, r-oldrel-macos-x86_64, r-oldrel-windows-x86_64