Last updated on 2025-01-19 05:49:14 CET.
Flavor | Version | Tinstall | Tcheck | Ttotal | Status | Flags |
---|---|---|---|---|---|---|
r-devel-linux-x86_64-debian-clang | 0.6.9 | 830.96 | 253.73 | 1084.69 | OK | |
r-devel-linux-x86_64-debian-gcc | 0.6.9 | 783.03 | 245.60 | 1028.63 | OK | |
r-devel-linux-x86_64-fedora-clang | 0.6.9 | 1009.97 | OK | |||
r-devel-linux-x86_64-fedora-gcc | 0.6.9 | 1438.82 | OK | |||
r-devel-windows-x86_64 | 0.6.9 | 773.00 | 313.00 | 1086.00 | OK | |
r-patched-linux-x86_64 | 0.6.9 | 864.63 | 327.25 | 1191.88 | OK | |
r-release-linux-x86_64 | 0.6.9 | 1029.81 | 327.77 | 1357.58 | OK | |
r-release-macos-arm64 | 0.6.9 | 430.00 | NOTE | |||
r-release-macos-x86_64 | 0.6.9 | 413.00 | NOTE | |||
r-release-windows-x86_64 | 0.6.9 | 783.00 | 310.00 | 1093.00 | NOTE | |
r-oldrel-macos-arm64 | 0.6.9 | 610.00 | NOTE | |||
r-oldrel-macos-x86_64 | 0.6.9 | 822.00 | NOTE | |||
r-oldrel-windows-x86_64 | 0.6.9 | 1075.00 | 403.00 | 1478.00 | NOTE |
Version: 0.6.9
Check: installed package size
Result: NOTE
installed size is 129.6Mb
sub-directories of 1Mb or more:
libs 128.8Mb
Flavors: r-release-macos-arm64, r-release-macos-x86_64, r-release-windows-x86_64, r-oldrel-macos-arm64, r-oldrel-macos-x86_64, r-oldrel-windows-x86_64
Version: 0.6.9
Check: for GNU extensions in Makefiles
Result: NOTE
GNU make is a SystemRequirements.
Flavors: r-release-macos-arm64, r-release-macos-x86_64, r-oldrel-macos-arm64, r-oldrel-macos-x86_64