CRAN Package Check Results for Package metaConvert

Last updated on 2025-01-19 05:49:14 CET.

Flavor Version Tinstall Tcheck Ttotal Status Flags
r-devel-linux-x86_64-debian-clang 1.0.2 10.63 120.37 131.00 OK
r-devel-linux-x86_64-debian-gcc 1.0.2 7.82 76.26 84.08 OK
r-devel-linux-x86_64-fedora-clang 1.0.2 232.86 NOTE
r-devel-linux-x86_64-fedora-gcc 1.0.2 238.85 NOTE
r-devel-windows-x86_64 1.0.2 14.00 148.00 162.00 OK
r-patched-linux-x86_64 1.0.2 11.39 112.85 124.24 NOTE
r-release-linux-x86_64 1.0.2 10.42 114.37 124.79 NOTE
r-release-macos-arm64 1.0.2 222.00 OK
r-release-macos-x86_64 1.0.2 272.00 OK
r-release-windows-x86_64 1.0.2 13.00 142.00 155.00 OK
r-oldrel-macos-arm64 1.0.2 227.00 OK
r-oldrel-macos-x86_64 1.0.2 263.00 OK
r-oldrel-windows-x86_64 1.0.2 16.00 178.00 194.00 OK

Check Details

Version: 1.0.2
Check: dependencies in R code
Result: NOTE Namespace in Imports field not imported from: ‘mvtnorm’ All declared Imports should be used. Flavors: r-devel-linux-x86_64-fedora-clang, r-devel-linux-x86_64-fedora-gcc

Version: 1.0.2
Check: package dependencies
Result: NOTE Package suggested but not available for checking: ‘metaumbrella’ Flavors: r-patched-linux-x86_64, r-release-linux-x86_64