CRAN Package Check Results for Package metaMA

Last updated on 2025-01-19 05:49:14 CET.

Flavor Version Tinstall Tcheck Ttotal Status Flags
r-devel-linux-x86_64-debian-clang 3.1.3 3.28 37.46 40.74 OK
r-devel-linux-x86_64-debian-gcc 3.1.3 2.51 28.59 31.10 OK
r-devel-linux-x86_64-fedora-clang 3.1.3 69.45 OK
r-devel-linux-x86_64-fedora-gcc 3.1.3 80.45 OK
r-devel-windows-x86_64 3.1.3 4.00 94.00 98.00 OK
r-patched-linux-x86_64 3.1.3 3.66 35.48 39.14 OK
r-release-linux-x86_64 3.1.3 3.32 35.61 38.93 OK
r-release-macos-arm64 3.1.3 29.00 NOTE
r-release-macos-x86_64 3.1.3 46.00 OK
r-release-windows-x86_64 3.1.3 4.00 77.00 81.00 OK
r-oldrel-macos-arm64 3.1.3 30.00 NOTE
r-oldrel-macos-x86_64 3.1.3 45.00 NOTE
r-oldrel-windows-x86_64 3.1.3 4.00 74.00 78.00 OK

Check Details

Version: 3.1.3
Check: package dependencies
Result: NOTE Packages suggested but not available for checking: 'hgu133plus2.db', 'hgu133a.db', 'hgu95av2.db' Flavor: r-release-macos-arm64

Version: 3.1.3
Check: package dependencies
Result: NOTE Packages suggested but not available for checking: 'GEOquery', 'annaffy', 'hgu133plus2.db', 'hgu133a.db', 'hgu95av2.db' Flavor: r-oldrel-macos-arm64

Version: 3.1.3
Check: package dependencies
Result: NOTE Packages suggested but not available for checking: 'org.Hs.eg.db', 'annaffy', 'hgu133plus2.db', 'hgu133a.db', 'hgu95av2.db' Flavor: r-oldrel-macos-x86_64