Last updated on 2024-03-27 20:50:02 CET.
Flavor | Version | Tinstall | Tcheck | Ttotal | Status | Flags |
---|---|---|---|---|---|---|
r-devel-linux-x86_64-debian-clang | 1.0.7 | 1.79 | 102.96 | 104.75 | NOTE | |
r-devel-linux-x86_64-debian-gcc | 1.0.7 | 1.88 | 71.74 | 73.62 | NOTE | |
r-devel-linux-x86_64-fedora-clang | 1.0.7 | 138.05 | NOTE | |||
r-devel-linux-x86_64-fedora-gcc | 1.0.7 | 138.63 | NOTE | |||
r-devel-windows-x86_64 | 1.0.7 | 4.00 | 45.00 | 49.00 | NOTE | --no-vignettes |
r-patched-linux-x86_64 | 1.0.7 | 2.59 | 96.97 | 99.56 | OK | |
r-release-linux-x86_64 | 1.0.7 | 2.49 | 96.54 | 99.03 | OK | |
r-release-macos-arm64 | 1.0.7 | 65.00 | OK | |||
r-release-macos-x86_64 | 1.0.7 | 123.00 | OK | |||
r-release-windows-x86_64 | 1.0.7 | 3.00 | 97.00 | 100.00 | OK | --no-vignettes |
r-oldrel-macos-arm64 | 1.0.7 | 57.00 | OK | |||
r-oldrel-windows-x86_64 | 1.0.7 | 4.00 | 51.00 | 55.00 | OK | --no-vignettes |
Version: 1.0.7
Check: Rd files
Result: NOTE
checkRd: (-1) param.Rd:29: Lost braces
29 | T. Strub, S. Giuliano, T. Ye, et al. (2011) Essential role of microphthalmia transcription factor for DNA replication, mitosis and genomic stability in melanoma. emph{Oncogene} \bold{30}:2319-32.
| ^
Flavors: r-devel-linux-x86_64-debian-clang, r-devel-linux-x86_64-debian-gcc, r-devel-linux-x86_64-fedora-clang, r-devel-linux-x86_64-fedora-gcc
Version: 1.0.7
Flags: --no-vignettes
Check: Rd files
Result: NOTE
checkRd: (-1) param.Rd:29: Lost braces
29 | T. Strub, S. Giuliano, T. Ye, et al. (2011) Essential role of microphthalmia transcription factor for DNA replication, mitosis and genomic stability in melanoma. emph{Oncogene} \bold{30}:2319-32.
| ^
Flavor: r-devel-windows-x86_64