CRAN Package Check Results for Package metaSurvival

Last updated on 2025-01-19 05:49:14 CET.

Flavor Version Tinstall Tcheck Ttotal Status Flags
r-devel-linux-x86_64-debian-clang 0.1.0 2.18 19.14 21.32 OK
r-devel-linux-x86_64-debian-gcc 0.1.0 1.33 14.94 16.27 OK
r-devel-linux-x86_64-fedora-clang 0.1.0 36.08 NOTE
r-devel-linux-x86_64-fedora-gcc 0.1.0 33.10 NOTE
r-devel-windows-x86_64 0.1.0 3.00 50.00 53.00 OK
r-patched-linux-x86_64 0.1.0 2.15 18.06 20.21 OK
r-release-linux-x86_64 0.1.0 1.98 18.03 20.01 OK
r-release-macos-arm64 0.1.0 16.00 OK
r-release-macos-x86_64 0.1.0 21.00 OK
r-release-windows-x86_64 0.1.0 3.00 43.00 46.00 OK
r-oldrel-macos-arm64 0.1.0 16.00 OK
r-oldrel-macos-x86_64 0.1.0 20.00 OK
r-oldrel-windows-x86_64 0.1.0 4.00 42.00 46.00 OK

Check Details

Version: 0.1.0
Check: dependencies in R code
Result: NOTE Namespace in Imports field not imported from: ‘survival’ All declared Imports should be used. Flavors: r-devel-linux-x86_64-fedora-clang, r-devel-linux-x86_64-fedora-gcc