CRAN Package Check Results for Package metafor

Last updated on 2025-01-19 05:49:14 CET.

Flavor Version Tinstall Tcheck Ttotal Status Flags
r-devel-linux-x86_64-debian-clang 4.6-0 70.00 421.15 491.15 NOTE
r-devel-linux-x86_64-debian-gcc 4.6-0 46.29 250.03 296.32 NOTE
r-devel-linux-x86_64-fedora-clang 4.6-0 848.36 OK
r-devel-linux-x86_64-fedora-gcc 4.6-0 814.36 OK
r-devel-windows-x86_64 4.6-0 65.00 376.00 441.00 NOTE
r-patched-linux-x86_64 4.6-0 85.60 403.28 488.88 OK
r-release-linux-x86_64 4.6-0 60.45 396.28 456.73 OK
r-release-macos-arm64 4.6-0 159.00 NOTE
r-release-macos-x86_64 4.6-0 280.00 NOTE
r-release-windows-x86_64 4.6-0 64.00 367.00 431.00 NOTE
r-oldrel-macos-arm64 4.6-0 166.00 NOTE
r-oldrel-macos-x86_64 4.6-0 498.00 NOTE
r-oldrel-windows-x86_64 4.6-0 85.00 494.00 579.00 NOTE

Check Details

Version: 4.6-0
Check: Rd cross-references
Result: NOTE Found the following Rd file(s) with Rd \link{} targets missing package anchors: misc-options.Rd: dat.moura2021 Please provide package anchors for all Rd \link{} targets not in the package itself and the base packages. Flavors: r-devel-linux-x86_64-debian-clang, r-devel-linux-x86_64-debian-gcc, r-devel-windows-x86_64

Version: 4.6-0
Check: installed package size
Result: NOTE installed size is 5.2Mb sub-directories of 1Mb or more: R 2.1Mb help 2.2Mb Flavors: r-release-macos-arm64, r-release-macos-x86_64, r-release-windows-x86_64, r-oldrel-macos-arm64, r-oldrel-macos-x86_64, r-oldrel-windows-x86_64