Last updated on 2024-03-28 14:48:34 CET.
Flavor | Version | Tinstall | Tcheck | Ttotal | Status | Flags |
---|---|---|---|---|---|---|
r-devel-linux-x86_64-debian-clang | 2.0.0 | 6.96 | 70.90 | 77.86 | NOTE | |
r-devel-linux-x86_64-debian-gcc | 2.0.0 | 4.38 | 47.24 | 51.62 | NOTE | |
r-devel-linux-x86_64-fedora-clang | 2.0.0 | 88.20 | NOTE | |||
r-devel-linux-x86_64-fedora-gcc | 2.0.0 | 84.35 | NOTE | |||
r-devel-windows-x86_64 | 2.0.0 | 6.00 | 60.00 | 66.00 | NOTE | |
r-patched-linux-x86_64 | 2.0.0 | 5.79 | 68.16 | 73.95 | NOTE | |
r-release-linux-x86_64 | 2.0.0 | 5.79 | 68.36 | 74.15 | NOTE | |
r-release-macos-arm64 | 2.0.0 | 28.00 | NOTE | |||
r-release-macos-x86_64 | 2.0.0 | 42.00 | NOTE | |||
r-release-windows-x86_64 | 2.0.0 | 6.00 | 76.00 | 82.00 | NOTE | |
r-oldrel-macos-arm64 | 2.0.0 | 25.00 | NOTE | |||
r-oldrel-windows-x86_64 | 2.0.0 | 14.00 | 78.00 | 92.00 | NOTE |
Version: 2.0.0
Check: LazyData
Result: NOTE
'LazyData' is specified without a 'data' directory
Flavors: r-devel-linux-x86_64-debian-clang, r-devel-linux-x86_64-debian-gcc, r-devel-linux-x86_64-fedora-clang, r-devel-linux-x86_64-fedora-gcc, r-devel-windows-x86_64, r-patched-linux-x86_64, r-release-linux-x86_64, r-release-macos-arm64, r-release-macos-x86_64, r-release-windows-x86_64, r-oldrel-macos-arm64, r-oldrel-windows-x86_64