Last updated on 2024-05-09 19:49:50 CEST.
Flavor | Version | Tinstall | Tcheck | Ttotal | Status | Flags |
---|---|---|---|---|---|---|
r-devel-linux-x86_64-debian-clang | 1.2 | 13.39 | 202.90 | 216.29 | OK | |
r-devel-linux-x86_64-debian-gcc | 1.2 | 10.69 | 146.13 | 156.82 | OK | |
r-devel-linux-x86_64-fedora-clang | 1.2 | 265.06 | NOTE | |||
r-devel-linux-x86_64-fedora-gcc | 1.2 | 321.72 | NOTE | |||
r-devel-windows-x86_64 | 1.2 | 15.00 | 154.00 | 169.00 | OK | |
r-patched-linux-x86_64 | 1.2 | 16.29 | 190.47 | 206.76 | OK | |
r-release-linux-x86_64 | 1.2 | 12.20 | 193.35 | 205.55 | OK | |
r-release-macos-arm64 | 1.2 | 76.00 | OK | |||
r-release-windows-x86_64 | 1.2 | 14.00 | 152.00 | 166.00 | OK | |
r-oldrel-macos-arm64 | 1.2 | 90.00 | OK | |||
r-oldrel-macos-x86_64 | 1.2 | 125.00 | NOTE | |||
r-oldrel-windows-x86_64 | 1.2 | 18.00 | 184.00 | 202.00 | OK |
Version: 1.2
Check: dependencies in R code
Result: NOTE
Namespace in Imports field not imported from: ‘lmerTest’
All declared Imports should be used.
Flavors: r-devel-linux-x86_64-fedora-clang, r-devel-linux-x86_64-fedora-gcc
Version: 1.2
Check: package dependencies
Result: NOTE
Package suggested but not available for checking: ‘caret’
Flavor: r-oldrel-macos-x86_64