Last updated on 2025-01-19 05:49:14 CET.
Flavor | Version | Tinstall | Tcheck | Ttotal | Status | Flags |
---|---|---|---|---|---|---|
r-devel-linux-x86_64-debian-clang | 0.3 | 346.95 | 64.41 | 411.36 | OK | |
r-devel-linux-x86_64-debian-gcc | 0.3 | 257.93 | 48.42 | 306.35 | OK | |
r-devel-linux-x86_64-fedora-clang | 0.3 | 724.98 | OK | |||
r-devel-linux-x86_64-fedora-gcc | 0.3 | 875.03 | OK | |||
r-devel-windows-x86_64 | 0.3 | 321.00 | 115.00 | 436.00 | OK | |
r-patched-linux-x86_64 | 0.3 | 363.56 | 63.96 | 427.52 | OK | |
r-release-linux-x86_64 | 0.3 | 365.11 | 62.79 | 427.90 | OK | |
r-release-macos-arm64 | 0.3 | 138.00 | NOTE | |||
r-release-macos-x86_64 | 0.3 | 121.00 | NOTE | |||
r-release-windows-x86_64 | 0.3 | 321.00 | 111.00 | 432.00 | OK | |
r-oldrel-macos-arm64 | 0.3 | 186.00 | NOTE | |||
r-oldrel-macos-x86_64 | 0.3 | 190.00 | NOTE | |||
r-oldrel-windows-x86_64 | 0.3 | 385.00 | 134.00 | 519.00 | OK |
Version: 0.3
Check: installed package size
Result: NOTE
installed size is 20.4Mb
sub-directories of 1Mb or more:
libs 20.0Mb
Flavors: r-release-macos-arm64, r-release-macos-x86_64, r-oldrel-macos-arm64, r-oldrel-macos-x86_64