CRAN Package Check Results for Package metools

Last updated on 2025-01-19 05:49:14 CET.

Flavor Version Tinstall Tcheck Ttotal Status Flags
r-devel-linux-x86_64-debian-clang 1.0.0 4.15 41.36 45.51 OK
r-devel-linux-x86_64-debian-gcc 1.0.0 2.60 28.74 31.34 OK
r-devel-linux-x86_64-fedora-clang 1.0.0 73.75 OK
r-devel-linux-x86_64-fedora-gcc 1.0.0 69.71 OK
r-devel-windows-x86_64 1.0.0 5.00 66.00 71.00 OK
r-patched-linux-x86_64 1.0.0 4.62 38.19 42.81 NOTE
r-release-linux-x86_64 1.0.0 4.02 39.72 43.74 NOTE
r-release-macos-arm64 1.0.0 24.00 NOTE
r-release-macos-x86_64 1.0.0 43.00 NOTE
r-release-windows-x86_64 1.0.0 6.00 69.00 75.00 NOTE
r-oldrel-macos-arm64 1.0.0 25.00 NOTE
r-oldrel-macos-x86_64 1.0.0 37.00 NOTE
r-oldrel-windows-x86_64 1.0.0 7.00 73.00 80.00 NOTE

Check Details

Version: 1.0.0
Check: LazyData
Result: NOTE 'LazyData' is specified without a 'data' directory Flavors: r-patched-linux-x86_64, r-release-linux-x86_64, r-release-macos-arm64, r-release-macos-x86_64, r-release-windows-x86_64, r-oldrel-macos-arm64, r-oldrel-macos-x86_64, r-oldrel-windows-x86_64