CRAN Package Check Results for Package mev

Last updated on 2020-08-14 12:49:07 CEST.

Flavor Version Tinstall Tcheck Ttotal Status Flags
r-devel-linux-x86_64-debian-clang 1.13.1 134.55 160.35 294.90 OK
r-devel-linux-x86_64-debian-gcc 1.13.1 103.52 119.08 222.60 OK
r-devel-linux-x86_64-fedora-clang 1.13.1 375.33 NOTE
r-devel-linux-x86_64-fedora-gcc 1.13.1 353.34 OK
r-devel-windows-ix86+x86_64 1.13.1 279.00 228.00 507.00 OK
r-patched-linux-x86_64 1.13.1 114.85 161.39 276.24 OK
r-patched-solaris-x86 1.13.1 346.60 OK
r-release-linux-x86_64 1.13.1 102.15 161.43 263.58 OK
r-release-macos-x86_64 1.13.1 NOTE
r-release-windows-ix86+x86_64 1.13.1 271.00 191.00 462.00 OK
r-oldrel-macos-x86_64 1.13.1 NOTE
r-oldrel-windows-ix86+x86_64 1.13.1 175.00 171.00 346.00 OK

Check Details

Version: 1.13.1
Check: installed package size
Result: NOTE
     installed size is 8.8Mb
     sub-directories of 1Mb or more:
     libs 7.2Mb
Flavors: r-devel-linux-x86_64-fedora-clang, r-release-macos-x86_64, r-oldrel-macos-x86_64

Version: 1.13.1
Check: Rd cross-references
Result: NOTE
    Undeclared packages ‘hoa’, ‘evir’ in Rd xrefs
Flavor: r-devel-linux-x86_64-fedora-clang