CRAN Package Check Results for Package mev

Last updated on 2020-01-22 12:48:53 CET.

Flavor Version Tinstall Tcheck Ttotal Status Flags
r-devel-linux-x86_64-debian-clang 1.13 124.21 162.69 286.90 WARN
r-devel-linux-x86_64-debian-gcc 1.13 95.67 122.07 217.74 WARN
r-devel-linux-x86_64-fedora-clang 1.13 389.05 WARN
r-devel-linux-x86_64-fedora-gcc 1.13 373.71 WARN
r-devel-windows-ix86+x86_64 1.13 272.00 262.00 534.00 OK
r-devel-windows-ix86+x86_64-gcc8 1.13 274.00 200.00 474.00 OK
r-patched-linux-x86_64 1.13 95.44 145.38 240.82 WARN
r-patched-solaris-x86 1.13 342.60 WARN
r-release-linux-x86_64 1.13 98.54 145.82 244.36 WARN
r-release-windows-ix86+x86_64 1.13 252.00 245.00 497.00 OK
r-release-osx-x86_64 1.13 NOTE
r-oldrel-windows-ix86+x86_64 1.13 181.00 164.00 345.00 OK
r-oldrel-osx-x86_64 1.13 NOTE

Check Details

Version: 1.13
Check: Rd cross-references
Result: WARN
    Unknown package 'SpatialExtremes' in Rd xrefs
Flavors: r-devel-linux-x86_64-debian-clang, r-devel-linux-x86_64-debian-gcc, r-devel-linux-x86_64-fedora-clang, r-devel-linux-x86_64-fedora-gcc, r-patched-linux-x86_64, r-patched-solaris-x86, r-release-linux-x86_64

Version: 1.13
Check: installed package size
Result: NOTE
     installed size is 8.1Mb
     sub-directories of 1Mb or more:
     libs 6.4Mb
Flavors: r-devel-linux-x86_64-fedora-clang, r-release-osx-x86_64, r-oldrel-osx-x86_64