Last updated on 2025-01-19 05:49:14 CET.
Flavor | Version | Tinstall | Tcheck | Ttotal | Status | Flags |
---|---|---|---|---|---|---|
r-devel-linux-x86_64-debian-clang | 1.9-1 | 94.43 | 376.26 | 470.69 | OK | |
r-devel-linux-x86_64-debian-gcc | 1.9-1 | 57.85 | 263.24 | 321.09 | OK | |
r-devel-linux-x86_64-fedora-clang | 1.9-1 | 763.11 | OK | |||
r-devel-linux-x86_64-fedora-gcc | 1.9-1 | 741.19 | OK | |||
r-devel-windows-x86_64 | 1.9-1 | 91.00 | 372.00 | 463.00 | OK | |
r-patched-linux-x86_64 | 1.9-1 | 94.50 | 366.06 | 460.56 | OK | |
r-release-linux-x86_64 | 1.9-1 | 83.53 | 376.49 | 460.02 | OK | |
r-release-macos-arm64 | 1.9-1 | 193.00 | OK | |||
r-release-macos-x86_64 | 1.9-1 | 303.00 | NOTE | |||
r-release-windows-x86_64 | 1.9-1 | 95.00 | 382.00 | 477.00 | OK | |
r-oldrel-macos-arm64 | 1.9-1 | 194.00 | OK | |||
r-oldrel-macos-x86_64 | 1.9-1 | 424.00 | NOTE | |||
r-oldrel-windows-x86_64 | 1.9-1 | 112.00 | 460.00 | 572.00 | OK |
Version: 1.9-1
Check: installed package size
Result: NOTE
installed size is 5.3Mb
sub-directories of 1Mb or more:
R 2.0Mb
libs 2.1Mb
Flavors: r-release-macos-x86_64, r-oldrel-macos-x86_64