CRAN Package Check Results for Package mgss

Last updated on 2025-01-19 05:49:14 CET.

Flavor Version Tinstall Tcheck Ttotal Status Flags
r-devel-linux-x86_64-debian-clang 1.2 17.04 61.65 78.69 NOTE
r-devel-linux-x86_64-debian-gcc 1.2 12.62 45.87 58.49 NOTE
r-devel-linux-x86_64-fedora-clang 1.2 130.68 NOTE
r-devel-linux-x86_64-fedora-gcc 1.2 125.65 NOTE
r-devel-windows-x86_64 1.2 19.00 89.00 108.00 NOTE
r-patched-linux-x86_64 1.2 16.91 58.43 75.34 NOTE
r-release-linux-x86_64 1.2 16.00 59.89 75.89 NOTE
r-release-macos-arm64 1.2 39.00 NOTE
r-release-macos-x86_64 1.2 74.00 NOTE
r-release-windows-x86_64 1.2 19.00 89.00 108.00 NOTE
r-oldrel-macos-arm64 1.2 47.00 NOTE
r-oldrel-macos-x86_64 1.2 69.00 NOTE
r-oldrel-windows-x86_64 1.2 20.00 111.00 131.00 NOTE

Check Details

Version: 1.2
Check: C++ specification
Result: NOTE Specified C++14: please drop specification unless essential Flavors: r-devel-linux-x86_64-debian-clang, r-devel-linux-x86_64-debian-gcc, r-devel-linux-x86_64-fedora-clang, r-devel-linux-x86_64-fedora-gcc, r-devel-windows-x86_64, r-patched-linux-x86_64, r-release-linux-x86_64, r-release-macos-arm64, r-release-macos-x86_64, r-release-windows-x86_64, r-oldrel-macos-arm64, r-oldrel-macos-x86_64, r-oldrel-windows-x86_64