Last updated on 2025-01-19 05:49:14 CET.
Flavor | Version | Tinstall | Tcheck | Ttotal | Status | Flags |
---|---|---|---|---|---|---|
r-devel-linux-x86_64-debian-clang | 1.0.5 | 86.01 | 463.50 | 549.51 | OK | |
r-devel-linux-x86_64-debian-gcc | 1.0.5 | 61.42 | 317.58 | 379.00 | OK | |
r-devel-linux-x86_64-fedora-clang | 1.0.5 | 892.68 | OK | |||
r-devel-linux-x86_64-fedora-gcc | 1.0.5 | 930.11 | OK | |||
r-devel-windows-x86_64 | 1.0.5 | 76.00 | 398.00 | 474.00 | OK | |
r-patched-linux-x86_64 | 1.0.5 | 77.86 | 443.00 | 520.86 | OK | |
r-release-linux-x86_64 | 1.0.5 | 81.59 | 444.86 | 526.45 | OK | |
r-release-macos-arm64 | 1.0.5 | 215.00 | NOTE | |||
r-release-macos-x86_64 | 1.0.5 | 369.00 | NOTE | |||
r-release-windows-x86_64 | 1.0.5 | 72.00 | 402.00 | 474.00 | OK | |
r-oldrel-macos-arm64 | 1.0.5 | 205.00 | NOTE | |||
r-oldrel-macos-x86_64 | 1.0.5 | 507.00 | NOTE | |||
r-oldrel-windows-x86_64 | 1.0.5 | 103.00 | 542.00 | 645.00 | OK |
Version: 1.0.5
Check: installed package size
Result: NOTE
installed size is 23.3Mb
sub-directories of 1Mb or more:
doc 1.7Mb
libs 20.6Mb
Flavors: r-release-macos-arm64, r-release-macos-x86_64, r-oldrel-macos-arm64, r-oldrel-macos-x86_64