Last updated on 2024-04-21 13:55:37 CEST.
Flavor | Version | Tinstall | Tcheck | Ttotal | Status | Flags |
---|---|---|---|---|---|---|
r-devel-linux-x86_64-debian-clang | 0.4.4 | 18.18 | 175.36 | 193.54 | OK | |
r-devel-linux-x86_64-debian-gcc | 0.4.4 | 14.81 | 127.83 | 142.64 | OK | |
r-devel-linux-x86_64-fedora-clang | 0.4.4 | 260.83 | NOTE | |||
r-devel-linux-x86_64-fedora-gcc | 0.4.4 | 256.12 | NOTE | |||
r-prerel-macos-arm64 | 0.4.4 | 75.00 | OK | |||
r-prerel-windows-x86_64 | 0.4.4 | 15.00 | 158.00 | 173.00 | OK | |
r-patched-linux-x86_64 | 0.4.4 | 16.17 | 165.38 | 181.55 | OK | |
r-release-linux-x86_64 | 0.4.4 | 11.63 | 170.76 | 182.39 | OK | |
r-release-macos-arm64 | 0.4.4 | 80.00 | OK | |||
r-release-macos-x86_64 | 0.4.4 | 122.00 | OK | |||
r-release-windows-x86_64 | 0.4.4 | 19.00 | 259.00 | 278.00 | OK | |
r-oldrel-macos-arm64 | 0.4.4 | 74.00 | OK | |||
r-oldrel-windows-x86_64 | 0.4.4 | 21.00 | 194.00 | 215.00 | OK |
Version: 0.4.4
Check: for detritus in the temp directory
Result: NOTE
Found the following files/directories:
‘par-7269706c6579’
Flavors: r-devel-linux-x86_64-fedora-clang, r-devel-linux-x86_64-fedora-gcc