Last updated on 2024-04-17 13:57:34 CEST.
Flavor | Version | Tinstall | Tcheck | Ttotal | Status | Flags |
---|---|---|---|---|---|---|
r-devel-linux-x86_64-debian-clang | 0.8.2 | 118.78 | 89.57 | 208.35 | NOTE | |
r-devel-linux-x86_64-debian-gcc | 0.8.2 | 96.21 | 66.20 | 162.41 | NOTE | |
r-devel-linux-x86_64-fedora-clang | 0.8.2 | 306.02 | NOTE | |||
r-devel-linux-x86_64-fedora-gcc | 0.8.2 | 308.96 | NOTE | |||
r-prerel-macos-arm64 | 0.8.2 | 65.00 | NOTE | |||
r-prerel-windows-x86_64 | 0.8.2 | 90.00 | 101.00 | 191.00 | NOTE | |
r-patched-linux-x86_64 | 0.8.2 | 130.31 | 89.42 | 219.73 | NOTE | |
r-release-linux-x86_64 | 0.8.2 | 117.05 | 86.77 | 203.82 | NOTE | |
r-release-macos-arm64 | 0.8.2 | 73.00 | NOTE | |||
r-release-macos-x86_64 | 0.8.2 | 135.00 | NOTE | |||
r-release-windows-x86_64 | 0.8.2 | 116.00 | 129.00 | 245.00 | NOTE | |
r-oldrel-macos-arm64 | 0.8.2 | 78.00 | NOTE | |||
r-oldrel-windows-x86_64 | 0.8.2 | 112.00 | 122.00 | 234.00 | OK |
Version: 0.8.2
Check: C++ specification
Result: NOTE
Specified C++11: please drop specification unless essential
Flavors: r-devel-linux-x86_64-debian-clang, r-devel-linux-x86_64-debian-gcc, r-devel-linux-x86_64-fedora-clang, r-devel-linux-x86_64-fedora-gcc, r-prerel-macos-arm64, r-prerel-windows-x86_64, r-patched-linux-x86_64, r-release-linux-x86_64, r-release-macos-arm64, r-release-macos-x86_64, r-release-windows-x86_64
Version: 0.8.2
Check: Rd files
Result: NOTE
checkRd: (-1) VIF.Rd:47: Lost braces; missing escapes or markup?
47 | vif_corrected = vif_basic^{(1/(2*df))}
| ^
Flavors: r-devel-linux-x86_64-debian-clang, r-devel-linux-x86_64-debian-gcc, r-devel-linux-x86_64-fedora-clang, r-devel-linux-x86_64-fedora-gcc, r-prerel-macos-arm64, r-prerel-windows-x86_64, r-patched-linux-x86_64
Version: 0.8.2
Check: installed package size
Result: NOTE
installed size is 9.1Mb
sub-directories of 1Mb or more:
libs 8.0Mb
Flavors: r-prerel-macos-arm64, r-release-macos-arm64, r-release-macos-x86_64, r-oldrel-macos-arm64