Last updated on 2025-01-19 05:49:14 CET.
Flavor | Version | Tinstall | Tcheck | Ttotal | Status | Flags |
---|---|---|---|---|---|---|
r-devel-linux-x86_64-debian-clang | 3.17-44 | 111.56 | 170.51 | 282.07 | OK | |
r-devel-linux-x86_64-debian-gcc | 3.17-44 | 76.96 | 111.80 | 188.76 | OK | |
r-devel-linux-x86_64-fedora-clang | 3.17-44 | 526.51 | OK | |||
r-devel-linux-x86_64-fedora-gcc | 3.17-44 | 498.41 | OK | |||
r-devel-windows-x86_64 | 3.17-44 | 111.00 | 221.00 | 332.00 | OK | |
r-patched-linux-x86_64 | 3.17-44 | 105.34 | 157.96 | 263.30 | OK | |
r-release-linux-x86_64 | 3.17-44 | 112.02 | 156.39 | 268.41 | OK | |
r-release-macos-arm64 | 3.17-44 | 113.00 | NOTE | |||
r-release-macos-x86_64 | 3.17-44 | 152.00 | NOTE | |||
r-release-windows-x86_64 | 3.17-44 | 109.00 | 215.00 | 324.00 | OK | |
r-oldrel-macos-arm64 | 3.17-44 | 113.00 | NOTE | |||
r-oldrel-macos-x86_64 | 3.17-44 | 182.00 | NOTE | |||
r-oldrel-windows-x86_64 | 3.17-44 | 140.00 | 269.00 | 409.00 | OK |
Version: 3.17-44
Check: installed package size
Result: NOTE
installed size is 7.3Mb
sub-directories of 1Mb or more:
libs 5.6Mb
Flavors: r-release-macos-arm64, r-release-macos-x86_64, r-oldrel-macos-arm64, r-oldrel-macos-x86_64