CRAN Package Check Results for Package microcontax

Last updated on 2025-01-19 05:49:14 CET.

Flavor Version Tinstall Tcheck Ttotal Status Flags
r-devel-linux-x86_64-debian-clang 1.2 5.31 53.78 59.09 NOTE
r-devel-linux-x86_64-debian-gcc 1.2 3.96 42.52 46.48 NOTE
r-devel-linux-x86_64-fedora-clang 1.2 98.79 OK
r-devel-linux-x86_64-fedora-gcc 1.2 104.91 OK
r-devel-windows-x86_64 1.2 8.00 82.00 90.00 NOTE
r-patched-linux-x86_64 1.2 9.11 51.50 60.61 NOTE
r-release-linux-x86_64 1.2 4.48 50.69 55.17 NOTE
r-release-macos-arm64 1.2 41.00 NOTE
r-release-macos-x86_64 1.2 74.00 NOTE
r-release-windows-x86_64 1.2 6.00 85.00 91.00 NOTE
r-oldrel-macos-arm64 1.2 43.00 NOTE
r-oldrel-macos-x86_64 1.2 62.00 NOTE
r-oldrel-windows-x86_64 1.2 8.00 89.00 97.00 NOTE

Check Details

Version: 1.2
Check: Rd cross-references
Result: NOTE Found the following Rd file(s) with Rd \link{} targets missing package anchors: getDomain.Rd: readFasta Please provide package anchors for all Rd \link{} targets not in the package itself and the base packages. Package unavailable to check Rd xrefs: ‘microcontax.data’ Flavors: r-devel-linux-x86_64-debian-clang, r-devel-linux-x86_64-debian-gcc, r-devel-windows-x86_64

Version: 1.2
Check: package dependencies
Result: NOTE Package suggested but not available for checking: ‘microcontax.data’ Flavors: r-patched-linux-x86_64, r-release-linux-x86_64, r-release-macos-arm64, r-release-macos-x86_64, r-release-windows-x86_64, r-oldrel-macos-arm64, r-oldrel-macos-x86_64, r-oldrel-windows-x86_64

Version: 1.2
Check: Rd cross-references
Result: NOTE Package unavailable to check Rd xrefs: ‘microcontax.data’ Flavors: r-patched-linux-x86_64, r-release-linux-x86_64, r-release-macos-arm64, r-release-macos-x86_64, r-release-windows-x86_64, r-oldrel-macos-arm64, r-oldrel-macos-x86_64, r-oldrel-windows-x86_64