Last updated on 2024-05-01 16:53:01 CEST.
Flavor | Version | Tinstall | Tcheck | Ttotal | Status | Flags |
---|---|---|---|---|---|---|
r-devel-linux-x86_64-debian-clang | 0.1.10 | 14.67 | 99.22 | 113.89 | OK | |
r-devel-linux-x86_64-debian-gcc | 0.1.10 | 11.04 | 72.07 | 83.11 | OK | |
r-devel-linux-x86_64-fedora-clang | 0.1.10 | 138.03 | NOTE | |||
r-devel-linux-x86_64-fedora-gcc | 0.1.10 | 133.07 | OK | |||
r-devel-windows-x86_64 | 0.1.10 | 16.00 | 96.00 | 112.00 | OK | |
r-patched-linux-x86_64 | 0.1.10 | 15.41 | 92.16 | 107.57 | OK | |
r-release-linux-x86_64 | 0.1.10 | 14.61 | 91.13 | 105.74 | OK | |
r-release-macos-arm64 | 0.1.10 | 41.00 | OK | |||
r-release-windows-x86_64 | 0.1.10 | 21.00 | 95.00 | 116.00 | OK | |
r-oldrel-macos-arm64 | 0.1.10 | 46.00 | OK | |||
r-oldrel-macos-x86_64 | 0.1.10 | 72.00 | OK | |||
r-oldrel-windows-x86_64 | 0.1.10 | 19.00 | 108.00 | 127.00 | OK |
Version: 0.1.10
Check: installed package size
Result: NOTE
installed size is 8.2Mb
sub-directories of 1Mb or more:
libs 7.3Mb
Flavor: r-devel-linux-x86_64-fedora-clang