CRAN Package Check Results for Package midrangeMCP

Last updated on 2025-01-19 05:49:14 CET.

Flavor Version Tinstall Tcheck Ttotal Status Flags
r-devel-linux-x86_64-debian-clang 3.1.1 5.88 37.49 43.37 OK
r-devel-linux-x86_64-debian-gcc 3.1.1 4.17 27.32 31.49 OK
r-devel-linux-x86_64-fedora-clang 3.1.1 71.26 OK
r-devel-linux-x86_64-fedora-gcc 3.1.1 68.62 OK
r-devel-windows-x86_64 3.1.1 6.00 54.00 60.00 OK
r-patched-linux-x86_64 3.1.1 5.48 35.51 40.99 NOTE
r-release-linux-x86_64 3.1.1 5.41 35.12 40.53 NOTE
r-release-macos-arm64 3.1.1 34.00 NOTE
r-release-macos-x86_64 3.1.1 76.00 NOTE
r-release-windows-x86_64 3.1.1 5.00 54.00 59.00 NOTE
r-oldrel-macos-arm64 3.1.1 24.00 NOTE
r-oldrel-macos-x86_64 3.1.1 39.00 NOTE
r-oldrel-windows-x86_64 3.1.1 7.00 57.00 64.00 NOTE

Check Details

Version: 3.1.1
Check: LazyData
Result: NOTE 'LazyData' is specified without a 'data' directory Flavors: r-patched-linux-x86_64, r-release-linux-x86_64, r-release-macos-arm64, r-release-macos-x86_64, r-release-windows-x86_64, r-oldrel-macos-arm64, r-oldrel-macos-x86_64, r-oldrel-windows-x86_64